{"id":7615,"date":"2014-08-17T17:40:01","date_gmt":"2014-08-17T17:40:01","guid":{"rendered":"http:\/\/kitesurfvacation.com\/?page_id=7615"},"modified":"2016-09-03T11:37:16","modified_gmt":"2016-09-03T16:37:16","slug":"bed-and-breakfast-en-playa-del-carmen","status":"publish","type":"page","link":"https:\/\/kitesurfvacation.com\/?page_id=7615","title":{"rendered":"Hostel Lobo de Mar"},"content":{"rendered":"<div id=\"tweetbutton7615\" class=\"tw_button\" style=\"\"><a href=\"http:\/\/twitter.com\/share?url=https%3A%2F%2Fkitesurfvacation.com%2F%3Fpage_id%3D7615&amp;text=Hostel%20Lobo%20de%20Mar&amp;related=&amp;lang=en&amp;count=horizontal&amp;counturl=https%3A%2F%2Fkitesurfvacation.com%2F%3Fpage_id%3D7615\" class=\"twitter-share-button\"  style=\"width:55px;height:22px;background:transparent url('https:\/\/kitesurfvacation.com\/wp-content\/plugins\/wp-tweet-button\/tweetn.png') no-repeat  0 0;text-align:left;text-indent:-9999px;display:block;\">Tweet<\/a><\/div>\n<!-- Facebook Like Button v1.9.6 BEGIN [http:\/\/blog.bottomlessinc.com] -->\n<iframe src=\"http:\/\/www.facebook.com\/plugins\/like.php?href=https%3A%2F%2Fkitesurfvacation.com%2F%3Fpage_id%3D7615&amp;layout=standard&amp;show_faces=false&amp;width=450&amp;action=like&amp;colorscheme=light\" scrolling=\"no\" frameborder=\"0\" allowTransparency=\"true\" style=\"border:none; overflow:hidden; width:450px; height: 30px; align: left; margin: 2px 0px 2px 0px\"><\/iframe>\n<!-- Facebook Like Button END -->\n<table>\n<tbody>\n<tr>\n<td><img decoding=\"async\" src=\"_images\/lobodelmarplayadelcarmen200.jpg\" alt=\"\" \/><\/td>\n<td><\/td>\n<td><img decoding=\"async\" src=\"_images\/lobodemarplayadelcarmenmap.jpg\" alt=\"\" \/><\/td>\n<\/tr>\n<tr>\n<td style=\"vertical-align: top; text-align: justify;\" colspan=\"3\" width=\"845\"><!-- CONTENIDO DE INFO --><\/p>\n<p style=\"text-align: justify;\">El Hostal est\u00e1 ubicado a solo 2 calles de la 5ta Av. y a 800 m. de la hermosa playa. Las habitaciones son de 1era categor\u00eda con aire acondicionado, internet, y camas muy c\u00f3modas. Las unidades tienen l\u00e1mparas de lectura individuales. <\/p>\n<p>En la zona del hostal existe un bar con excelente ambiente y una alberca de hidromasaje en el rooftop, con \u00e1reas de descanso y sal\u00f3n de videojuegos, TV v\u00eda sat\u00e9lite, recepci\u00f3n 24 hrs y servicio de comida.<\/p>\n<p>El hostal esta cuenta con 8 habitaciones y con servicios de tours. Existen habitaciones privadas, compartidas y habitaciones Premium.<\/p>\n<p style=\"text-align: justify;\">Cont\u00e1ctanos para m\u00e1s informaci\u00f3n o reservar alguna habitaci\u00f3n.\n<\/p>\n\n\t\t<style type=\"text\/css\">\n\t\t\t#gallery-1 {\n\t\t\t\tmargin: auto;\n\t\t\t}\n\t\t\t#gallery-1 .gallery-item {\n\t\t\t\tfloat: left;\n\t\t\t\tmargin-top: 10px;\n\t\t\t\ttext-align: center;\n\t\t\t\twidth: 33%;\n\t\t\t}\n\t\t\t#gallery-1 img {\n\t\t\t\tborder: 2px solid #cfcfcf;\n\t\t\t}\n\t\t\t#gallery-1 .gallery-caption {\n\t\t\t\tmargin-left: 0;\n\t\t\t}\n\t\t\t\/* see gallery_shortcode() in wp-includes\/media.php *\/\n\t\t<\/style>\n\t\t<div id='gallery-1' class='gallery galleryid-7615 gallery-columns-3 gallery-size-medium'><dl class='gallery-item'>\n\t\t\t<dt class='gallery-icon landscape'>\n\t\t\t\t<a rel='wp-prettyPhoto[gallery]' href='https:\/\/kitesurfvacation.com\/wp-content\/uploads\/2014\/08\/lobodemarplayadelcarmen17.jpg'><img loading=\"lazy\" decoding=\"async\" width=\"300\" height=\"164\" src=\"https:\/\/kitesurfvacation.com\/wp-content\/uploads\/2014\/08\/lobodemarplayadelcarmen17-300x164.jpg\" class=\"attachment-medium size-medium\" alt=\"\" srcset=\"https:\/\/kitesurfvacation.com\/wp-content\/uploads\/2014\/08\/lobodemarplayadelcarmen17-300x164.jpg 300w, https:\/\/kitesurfvacation.com\/wp-content\/uploads\/2014\/08\/lobodemarplayadelcarmen17-768x421.jpg 768w, https:\/\/kitesurfvacation.com\/wp-content\/uploads\/2014\/08\/lobodemarplayadelcarmen17.jpg 840w\" sizes=\"auto, (max-width: 300px) 100vw, 300px\" \/><\/a>\n\t\t\t<\/dt><\/dl><dl class='gallery-item'>\n\t\t\t<dt class='gallery-icon landscape'>\n\t\t\t\t<a rel='wp-prettyPhoto[gallery]' href='https:\/\/kitesurfvacation.com\/wp-content\/uploads\/2014\/08\/lobodemarplayadelcarmen16.jpg'><img loading=\"lazy\" decoding=\"async\" width=\"300\" height=\"164\" src=\"https:\/\/kitesurfvacation.com\/wp-content\/uploads\/2014\/08\/lobodemarplayadelcarmen16-300x164.jpg\" class=\"attachment-medium size-medium\" alt=\"\" srcset=\"https:\/\/kitesurfvacation.com\/wp-content\/uploads\/2014\/08\/lobodemarplayadelcarmen16-300x164.jpg 300w, https:\/\/kitesurfvacation.com\/wp-content\/uploads\/2014\/08\/lobodemarplayadelcarmen16-768x421.jpg 768w, https:\/\/kitesurfvacation.com\/wp-content\/uploads\/2014\/08\/lobodemarplayadelcarmen16.jpg 840w\" sizes=\"auto, (max-width: 300px) 100vw, 300px\" \/><\/a>\n\t\t\t<\/dt><\/dl><dl class='gallery-item'>\n\t\t\t<dt class='gallery-icon landscape'>\n\t\t\t\t<a rel='wp-prettyPhoto[gallery]' href='https:\/\/kitesurfvacation.com\/wp-content\/uploads\/2014\/08\/lobodemarplayadelcarmen15.jpg'><img loading=\"lazy\" decoding=\"async\" width=\"300\" height=\"164\" src=\"https:\/\/kitesurfvacation.com\/wp-content\/uploads\/2014\/08\/lobodemarplayadelcarmen15-300x164.jpg\" class=\"attachment-medium size-medium\" alt=\"\" srcset=\"https:\/\/kitesurfvacation.com\/wp-content\/uploads\/2014\/08\/lobodemarplayadelcarmen15-300x164.jpg 300w, https:\/\/kitesurfvacation.com\/wp-content\/uploads\/2014\/08\/lobodemarplayadelcarmen15-768x421.jpg 768w, https:\/\/kitesurfvacation.com\/wp-content\/uploads\/2014\/08\/lobodemarplayadelcarmen15.jpg 840w\" sizes=\"auto, (max-width: 300px) 100vw, 300px\" \/><\/a>\n\t\t\t<\/dt><\/dl><br style=\"clear: both\" \/><dl class='gallery-item'>\n\t\t\t<dt class='gallery-icon landscape'>\n\t\t\t\t<a rel='wp-prettyPhoto[gallery]' href='https:\/\/kitesurfvacation.com\/wp-content\/uploads\/2014\/08\/lobodemarplayadelcarmen14.jpg'><img loading=\"lazy\" decoding=\"async\" width=\"300\" height=\"164\" src=\"https:\/\/kitesurfvacation.com\/wp-content\/uploads\/2014\/08\/lobodemarplayadelcarmen14-300x164.jpg\" class=\"attachment-medium size-medium\" alt=\"\" srcset=\"https:\/\/kitesurfvacation.com\/wp-content\/uploads\/2014\/08\/lobodemarplayadelcarmen14-300x164.jpg 300w, https:\/\/kitesurfvacation.com\/wp-content\/uploads\/2014\/08\/lobodemarplayadelcarmen14-768x421.jpg 768w, https:\/\/kitesurfvacation.com\/wp-content\/uploads\/2014\/08\/lobodemarplayadelcarmen14.jpg 840w\" sizes=\"auto, (max-width: 300px) 100vw, 300px\" \/><\/a>\n\t\t\t<\/dt><\/dl><dl class='gallery-item'>\n\t\t\t<dt class='gallery-icon landscape'>\n\t\t\t\t<a rel='wp-prettyPhoto[gallery]' href='https:\/\/kitesurfvacation.com\/wp-content\/uploads\/2014\/08\/lobodemarplayadelcarmen13.jpg'><img loading=\"lazy\" decoding=\"async\" width=\"300\" height=\"164\" src=\"https:\/\/kitesurfvacation.com\/wp-content\/uploads\/2014\/08\/lobodemarplayadelcarmen13-300x164.jpg\" class=\"attachment-medium size-medium\" alt=\"\" srcset=\"https:\/\/kitesurfvacation.com\/wp-content\/uploads\/2014\/08\/lobodemarplayadelcarmen13-300x164.jpg 300w, https:\/\/kitesurfvacation.com\/wp-content\/uploads\/2014\/08\/lobodemarplayadelcarmen13-768x421.jpg 768w, https:\/\/kitesurfvacation.com\/wp-content\/uploads\/2014\/08\/lobodemarplayadelcarmen13.jpg 840w\" sizes=\"auto, (max-width: 300px) 100vw, 300px\" \/><\/a>\n\t\t\t<\/dt><\/dl><dl class='gallery-item'>\n\t\t\t<dt class='gallery-icon landscape'>\n\t\t\t\t<a rel='wp-prettyPhoto[gallery]' href='https:\/\/kitesurfvacation.com\/wp-content\/uploads\/2014\/08\/lobodemarplayadelcarmen12.jpg'><img loading=\"lazy\" decoding=\"async\" width=\"300\" height=\"164\" src=\"https:\/\/kitesurfvacation.com\/wp-content\/uploads\/2014\/08\/lobodemarplayadelcarmen12-300x164.jpg\" class=\"attachment-medium size-medium\" alt=\"\" srcset=\"https:\/\/kitesurfvacation.com\/wp-content\/uploads\/2014\/08\/lobodemarplayadelcarmen12-300x164.jpg 300w, https:\/\/kitesurfvacation.com\/wp-content\/uploads\/2014\/08\/lobodemarplayadelcarmen12-768x421.jpg 768w, https:\/\/kitesurfvacation.com\/wp-content\/uploads\/2014\/08\/lobodemarplayadelcarmen12.jpg 840w\" sizes=\"auto, (max-width: 300px) 100vw, 300px\" \/><\/a>\n\t\t\t<\/dt><\/dl><br style=\"clear: both\" \/><dl class='gallery-item'>\n\t\t\t<dt class='gallery-icon landscape'>\n\t\t\t\t<a rel='wp-prettyPhoto[gallery]' href='https:\/\/kitesurfvacation.com\/wp-content\/uploads\/2014\/08\/lobodemarplayadelcarmen11.jpg'><img loading=\"lazy\" decoding=\"async\" width=\"300\" height=\"164\" src=\"https:\/\/kitesurfvacation.com\/wp-content\/uploads\/2014\/08\/lobodemarplayadelcarmen11-300x164.jpg\" class=\"attachment-medium size-medium\" alt=\"\" srcset=\"https:\/\/kitesurfvacation.com\/wp-content\/uploads\/2014\/08\/lobodemarplayadelcarmen11-300x164.jpg 300w, https:\/\/kitesurfvacation.com\/wp-content\/uploads\/2014\/08\/lobodemarplayadelcarmen11-768x421.jpg 768w, https:\/\/kitesurfvacation.com\/wp-content\/uploads\/2014\/08\/lobodemarplayadelcarmen11.jpg 840w\" sizes=\"auto, (max-width: 300px) 100vw, 300px\" \/><\/a>\n\t\t\t<\/dt><\/dl><dl class='gallery-item'>\n\t\t\t<dt class='gallery-icon landscape'>\n\t\t\t\t<a rel='wp-prettyPhoto[gallery]' href='https:\/\/kitesurfvacation.com\/wp-content\/uploads\/2014\/08\/lobodemarplayadelcarmen10.jpg'><img loading=\"lazy\" decoding=\"async\" width=\"300\" height=\"164\" src=\"https:\/\/kitesurfvacation.com\/wp-content\/uploads\/2014\/08\/lobodemarplayadelcarmen10-300x164.jpg\" class=\"attachment-medium size-medium\" alt=\"\" srcset=\"https:\/\/kitesurfvacation.com\/wp-content\/uploads\/2014\/08\/lobodemarplayadelcarmen10-300x164.jpg 300w, https:\/\/kitesurfvacation.com\/wp-content\/uploads\/2014\/08\/lobodemarplayadelcarmen10-768x421.jpg 768w, https:\/\/kitesurfvacation.com\/wp-content\/uploads\/2014\/08\/lobodemarplayadelcarmen10.jpg 840w\" sizes=\"auto, (max-width: 300px) 100vw, 300px\" \/><\/a>\n\t\t\t<\/dt><\/dl><dl class='gallery-item'>\n\t\t\t<dt class='gallery-icon landscape'>\n\t\t\t\t<a rel='wp-prettyPhoto[gallery]' href='https:\/\/kitesurfvacation.com\/wp-content\/uploads\/2014\/08\/lobodemarplayadelcarmen9.jpg'><img loading=\"lazy\" decoding=\"async\" width=\"300\" height=\"164\" src=\"https:\/\/kitesurfvacation.com\/wp-content\/uploads\/2014\/08\/lobodemarplayadelcarmen9-300x164.jpg\" class=\"attachment-medium size-medium\" alt=\"\" srcset=\"https:\/\/kitesurfvacation.com\/wp-content\/uploads\/2014\/08\/lobodemarplayadelcarmen9-300x164.jpg 300w, https:\/\/kitesurfvacation.com\/wp-content\/uploads\/2014\/08\/lobodemarplayadelcarmen9-768x421.jpg 768w, https:\/\/kitesurfvacation.com\/wp-content\/uploads\/2014\/08\/lobodemarplayadelcarmen9.jpg 840w\" sizes=\"auto, (max-width: 300px) 100vw, 300px\" \/><\/a>\n\t\t\t<\/dt><\/dl><br style=\"clear: both\" \/><dl class='gallery-item'>\n\t\t\t<dt class='gallery-icon landscape'>\n\t\t\t\t<a rel='wp-prettyPhoto[gallery]' href='https:\/\/kitesurfvacation.com\/wp-content\/uploads\/2014\/08\/lobodemarplayadelcarmen8.jpg'><img loading=\"lazy\" decoding=\"async\" width=\"300\" height=\"164\" src=\"https:\/\/kitesurfvacation.com\/wp-content\/uploads\/2014\/08\/lobodemarplayadelcarmen8-300x164.jpg\" class=\"attachment-medium size-medium\" alt=\"\" srcset=\"https:\/\/kitesurfvacation.com\/wp-content\/uploads\/2014\/08\/lobodemarplayadelcarmen8-300x164.jpg 300w, https:\/\/kitesurfvacation.com\/wp-content\/uploads\/2014\/08\/lobodemarplayadelcarmen8-768x421.jpg 768w, https:\/\/kitesurfvacation.com\/wp-content\/uploads\/2014\/08\/lobodemarplayadelcarmen8.jpg 840w\" sizes=\"auto, (max-width: 300px) 100vw, 300px\" \/><\/a>\n\t\t\t<\/dt><\/dl><dl class='gallery-item'>\n\t\t\t<dt class='gallery-icon landscape'>\n\t\t\t\t<a rel='wp-prettyPhoto[gallery]' href='https:\/\/kitesurfvacation.com\/wp-content\/uploads\/2014\/08\/lobodemarplayadelcarmen3.jpg'><img loading=\"lazy\" decoding=\"async\" width=\"300\" height=\"164\" src=\"https:\/\/kitesurfvacation.com\/wp-content\/uploads\/2014\/08\/lobodemarplayadelcarmen3-300x164.jpg\" class=\"attachment-medium size-medium\" alt=\"\" srcset=\"https:\/\/kitesurfvacation.com\/wp-content\/uploads\/2014\/08\/lobodemarplayadelcarmen3-300x164.jpg 300w, https:\/\/kitesurfvacation.com\/wp-content\/uploads\/2014\/08\/lobodemarplayadelcarmen3-768x421.jpg 768w, https:\/\/kitesurfvacation.com\/wp-content\/uploads\/2014\/08\/lobodemarplayadelcarmen3.jpg 840w\" sizes=\"auto, (max-width: 300px) 100vw, 300px\" \/><\/a>\n\t\t\t<\/dt><\/dl><dl class='gallery-item'>\n\t\t\t<dt class='gallery-icon landscape'>\n\t\t\t\t<a rel='wp-prettyPhoto[gallery]' href='https:\/\/kitesurfvacation.com\/wp-content\/uploads\/2014\/08\/lobodemarplayadelcarmen4.jpg'><img loading=\"lazy\" decoding=\"async\" width=\"300\" height=\"164\" src=\"https:\/\/kitesurfvacation.com\/wp-content\/uploads\/2014\/08\/lobodemarplayadelcarmen4-300x164.jpg\" class=\"attachment-medium size-medium\" alt=\"\" srcset=\"https:\/\/kitesurfvacation.com\/wp-content\/uploads\/2014\/08\/lobodemarplayadelcarmen4-300x164.jpg 300w, https:\/\/kitesurfvacation.com\/wp-content\/uploads\/2014\/08\/lobodemarplayadelcarmen4-768x421.jpg 768w, https:\/\/kitesurfvacation.com\/wp-content\/uploads\/2014\/08\/lobodemarplayadelcarmen4.jpg 840w\" sizes=\"auto, (max-width: 300px) 100vw, 300px\" \/><\/a>\n\t\t\t<\/dt><\/dl><br style=\"clear: both\" \/><dl class='gallery-item'>\n\t\t\t<dt class='gallery-icon landscape'>\n\t\t\t\t<a rel='wp-prettyPhoto[gallery]' href='https:\/\/kitesurfvacation.com\/wp-content\/uploads\/2014\/08\/lobodemarplayadelcarmen5.jpg'><img loading=\"lazy\" decoding=\"async\" width=\"300\" height=\"164\" src=\"https:\/\/kitesurfvacation.com\/wp-content\/uploads\/2014\/08\/lobodemarplayadelcarmen5-300x164.jpg\" class=\"attachment-medium size-medium\" alt=\"\" srcset=\"https:\/\/kitesurfvacation.com\/wp-content\/uploads\/2014\/08\/lobodemarplayadelcarmen5-300x164.jpg 300w, https:\/\/kitesurfvacation.com\/wp-content\/uploads\/2014\/08\/lobodemarplayadelcarmen5-768x421.jpg 768w, https:\/\/kitesurfvacation.com\/wp-content\/uploads\/2014\/08\/lobodemarplayadelcarmen5.jpg 840w\" sizes=\"auto, (max-width: 300px) 100vw, 300px\" \/><\/a>\n\t\t\t<\/dt><\/dl><dl class='gallery-item'>\n\t\t\t<dt class='gallery-icon landscape'>\n\t\t\t\t<a rel='wp-prettyPhoto[gallery]' href='https:\/\/kitesurfvacation.com\/wp-content\/uploads\/2014\/08\/lobodemarplayadelcarmen6.jpg'><img loading=\"lazy\" decoding=\"async\" width=\"300\" height=\"164\" src=\"https:\/\/kitesurfvacation.com\/wp-content\/uploads\/2014\/08\/lobodemarplayadelcarmen6-300x164.jpg\" class=\"attachment-medium size-medium\" alt=\"\" srcset=\"https:\/\/kitesurfvacation.com\/wp-content\/uploads\/2014\/08\/lobodemarplayadelcarmen6-300x164.jpg 300w, https:\/\/kitesurfvacation.com\/wp-content\/uploads\/2014\/08\/lobodemarplayadelcarmen6-768x421.jpg 768w, https:\/\/kitesurfvacation.com\/wp-content\/uploads\/2014\/08\/lobodemarplayadelcarmen6.jpg 840w\" sizes=\"auto, (max-width: 300px) 100vw, 300px\" \/><\/a>\n\t\t\t<\/dt><\/dl><dl class='gallery-item'>\n\t\t\t<dt class='gallery-icon landscape'>\n\t\t\t\t<a rel='wp-prettyPhoto[gallery]' href='https:\/\/kitesurfvacation.com\/wp-content\/uploads\/2014\/08\/lobodemarplayadelcarmen7.jpg'><img loading=\"lazy\" decoding=\"async\" width=\"300\" height=\"164\" src=\"https:\/\/kitesurfvacation.com\/wp-content\/uploads\/2014\/08\/lobodemarplayadelcarmen7-300x164.jpg\" class=\"attachment-medium size-medium\" alt=\"\" srcset=\"https:\/\/kitesurfvacation.com\/wp-content\/uploads\/2014\/08\/lobodemarplayadelcarmen7-300x164.jpg 300w, https:\/\/kitesurfvacation.com\/wp-content\/uploads\/2014\/08\/lobodemarplayadelcarmen7-768x421.jpg 768w, https:\/\/kitesurfvacation.com\/wp-content\/uploads\/2014\/08\/lobodemarplayadelcarmen7.jpg 840w\" sizes=\"auto, (max-width: 300px) 100vw, 300px\" \/><\/a>\n\t\t\t<\/dt><\/dl><br style=\"clear: both\" \/><dl class='gallery-item'>\n\t\t\t<dt class='gallery-icon landscape'>\n\t\t\t\t<a rel='wp-prettyPhoto[gallery]' href='https:\/\/kitesurfvacation.com\/wp-content\/uploads\/2014\/08\/lobodemarplayadelcarmen2.jpg'><img loading=\"lazy\" decoding=\"async\" width=\"300\" height=\"164\" src=\"https:\/\/kitesurfvacation.com\/wp-content\/uploads\/2014\/08\/lobodemarplayadelcarmen2-300x164.jpg\" class=\"attachment-medium size-medium\" alt=\"\" srcset=\"https:\/\/kitesurfvacation.com\/wp-content\/uploads\/2014\/08\/lobodemarplayadelcarmen2-300x164.jpg 300w, https:\/\/kitesurfvacation.com\/wp-content\/uploads\/2014\/08\/lobodemarplayadelcarmen2-768x421.jpg 768w, https:\/\/kitesurfvacation.com\/wp-content\/uploads\/2014\/08\/lobodemarplayadelcarmen2.jpg 840w\" sizes=\"auto, (max-width: 300px) 100vw, 300px\" \/><\/a>\n\t\t\t<\/dt><\/dl><dl class='gallery-item'>\n\t\t\t<dt class='gallery-icon landscape'>\n\t\t\t\t<a rel='wp-prettyPhoto[gallery]' href='https:\/\/kitesurfvacation.com\/wp-content\/uploads\/2014\/08\/lobodemarplayadelcarmen1.jpg'><img loading=\"lazy\" decoding=\"async\" width=\"300\" height=\"164\" src=\"https:\/\/kitesurfvacation.com\/wp-content\/uploads\/2014\/08\/lobodemarplayadelcarmen1-300x164.jpg\" class=\"attachment-medium size-medium\" alt=\"\" srcset=\"https:\/\/kitesurfvacation.com\/wp-content\/uploads\/2014\/08\/lobodemarplayadelcarmen1-300x164.jpg 300w, https:\/\/kitesurfvacation.com\/wp-content\/uploads\/2014\/08\/lobodemarplayadelcarmen1-768x421.jpg 768w, https:\/\/kitesurfvacation.com\/wp-content\/uploads\/2014\/08\/lobodemarplayadelcarmen1.jpg 840w\" sizes=\"auto, (max-width: 300px) 100vw, 300px\" \/><\/a>\n\t\t\t<\/dt><\/dl><dl class='gallery-item'>\n\t\t\t<dt class='gallery-icon landscape'>\n\t\t\t\t<a rel='wp-prettyPhoto[gallery]' href='https:\/\/kitesurfvacation.com\/wp-content\/uploads\/2014\/08\/lobodemarplayadelcarmen.jpg'><img loading=\"lazy\" decoding=\"async\" width=\"300\" height=\"164\" src=\"https:\/\/kitesurfvacation.com\/wp-content\/uploads\/2014\/08\/lobodemarplayadelcarmen-300x164.jpg\" class=\"attachment-medium size-medium\" alt=\"\" srcset=\"https:\/\/kitesurfvacation.com\/wp-content\/uploads\/2014\/08\/lobodemarplayadelcarmen-300x164.jpg 300w, https:\/\/kitesurfvacation.com\/wp-content\/uploads\/2014\/08\/lobodemarplayadelcarmen-768x421.jpg 768w, https:\/\/kitesurfvacation.com\/wp-content\/uploads\/2014\/08\/lobodemarplayadelcarmen.jpg 840w\" sizes=\"auto, (max-width: 300px) 100vw, 300px\" \/><\/a>\n\t\t\t<\/dt><\/dl><br style=\"clear: both\" \/>\n\t\t<\/div>\n<\/td>\n<td><\/td>\n<\/tr>\n<tr>\n<td>\n                <a class=\"medium custom-button align-btn-left\" href=\"http:\/\/kitesurfvacation.com\/?page_id=634#prop\" title=\"m\u00e1s info\"><span style=\"background-color:#FF5C00; color:#FFFFFF\"> :: m\u00e1s hospedajes en Playa del Carmen :: <\/span><\/a>\n\t     <\/td>\n<\/tr>\n<\/tbody>\n<\/table>\n\n<!-- Facebook Like Button v1.9.6 BEGIN [http:\/\/blog.bottomlessinc.com] -->\n<iframe src=\"http:\/\/www.facebook.com\/plugins\/like.php?href=https%3A%2F%2Fkitesurfvacation.com%2F%3Fpage_id%3D7615&amp;layout=standard&amp;show_faces=false&amp;width=450&amp;action=like&amp;colorscheme=light\" scrolling=\"no\" frameborder=\"0\" allowTransparency=\"true\" style=\"border:none; overflow:hidden; width:450px; height: 30px; align: left; margin: 2px 0px 2px 0px\"><\/iframe>\n<!-- Facebook Like Button END -->\n","protected":false},"excerpt":{"rendered":"<p>El Hostal est\u00e1 ubicado a solo 2 calles de la 5ta Av. y a 800 m. de la hermosa playa. Las habitaciones son de 1era categor\u00eda con aire acondicionado, internet, y camas muy c\u00f3modas. Las unidades tienen l\u00e1mparas de lectura individuales. En la zona del hostal existe [&hellip;]<\/p>\n","protected":false},"author":1,"featured_media":0,"parent":0,"menu_order":0,"comment_status":"closed","ping_status":"closed","template":"page-FullWidth.php","meta":{"footnotes":""},"class_list":["post-7615","page","type-page","status-publish","hentry"],"_links":{"self":[{"href":"https:\/\/kitesurfvacation.com\/index.php?rest_route=\/wp\/v2\/pages\/7615","targetHints":{"allow":["GET"]}}],"collection":[{"href":"https:\/\/kitesurfvacation.com\/index.php?rest_route=\/wp\/v2\/pages"}],"about":[{"href":"https:\/\/kitesurfvacation.com\/index.php?rest_route=\/wp\/v2\/types\/page"}],"author":[{"embeddable":true,"href":"https:\/\/kitesurfvacation.com\/index.php?rest_route=\/wp\/v2\/users\/1"}],"replies":[{"embeddable":true,"href":"https:\/\/kitesurfvacation.com\/index.php?rest_route=%2Fwp%2Fv2%2Fcomments&post=7615"}],"version-history":[{"count":8,"href":"https:\/\/kitesurfvacation.com\/index.php?rest_route=\/wp\/v2\/pages\/7615\/revisions"}],"predecessor-version":[{"id":11747,"href":"https:\/\/kitesurfvacation.com\/index.php?rest_route=\/wp\/v2\/pages\/7615\/revisions\/11747"}],"wp:attachment":[{"href":"https:\/\/kitesurfvacation.com\/index.php?rest_route=%2Fwp%2Fv2%2Fmedia&parent=7615"}],"curies":[{"name":"wp","href":"https:\/\/api.w.org\/{rel}","templated":true}]}}