{"id":647,"date":"2012-01-09T23:21:52","date_gmt":"2012-01-09T23:21:52","guid":{"rendered":"http:\/\/kitesurfvacation.com\/?page_id=647"},"modified":"2016-04-22T00:19:20","modified_gmt":"2016-04-22T05:19:20","slug":"costa-esmeralda","status":"publish","type":"page","link":"https:\/\/kitesurfvacation.com\/?page_id=647","title":{"rendered":"Kiteboarding en Veracruz y Costa Esmeralda"},"content":{"rendered":"<div id=\"tweetbutton647\" class=\"tw_button\" style=\"\"><a href=\"http:\/\/twitter.com\/share?url=https%3A%2F%2Fkitesurfvacation.com%2F%3Fpage_id%3D647&amp;text=Kiteboarding%20en%20Veracruz%20y%20Costa%20Esmeralda&amp;related=&amp;lang=en&amp;count=horizontal&amp;counturl=https%3A%2F%2Fkitesurfvacation.com%2F%3Fpage_id%3D647\" class=\"twitter-share-button\"  style=\"width:55px;height:22px;background:transparent url('https:\/\/kitesurfvacation.com\/wp-content\/plugins\/wp-tweet-button\/tweetn.png') no-repeat  0 0;text-align:left;text-indent:-9999px;display:block;\">Tweet<\/a><\/div>\n<!-- Facebook Like Button v1.9.6 BEGIN [http:\/\/blog.bottomlessinc.com] -->\n<iframe src=\"http:\/\/www.facebook.com\/plugins\/like.php?href=https%3A%2F%2Fkitesurfvacation.com%2F%3Fpage_id%3D647&amp;layout=standard&amp;show_faces=false&amp;width=450&amp;action=like&amp;colorscheme=light\" scrolling=\"no\" frameborder=\"0\" allowTransparency=\"true\" style=\"border:none; overflow:hidden; width:450px; height: 30px; align: left; margin: 2px 0px 2px 0px\"><\/iframe>\n<!-- Facebook Like Button END -->\n<table>\n<tbody>\n<tr>\n<td><img decoding=\"async\" src=\"http:\/\/www.kitesurfvacation.com\/_images\/costaesmeralda.jpg\" alt=\"\" \/><\/td>\n<td>&nbsp;&nbsp;&nbsp;<\/<\/td>\n<td><img decoding=\"async\" src=\"http:\/\/www.kitesurfvacation.com\/_images\/costaesmeraldagm.jpg\" alt=\"\" \/><\/td>\n<\/tr>\n<tr>\n<td><\/td>\n<\/tr>\n<p><!--renglon agregado--><\/p>\n<tr>\n<td style=\"vertical-align: top; text-align: justify;\" width=\"550\">\n<!-- CONTENIDO DE INFO --><br \/>\n<strong>Informaci\u00f3n sobre kitesurfing en Veracruz:<\/strong><\/p>\n<p style=\"text-align:justify\">El Estado de Veracruz cuenta con excelentes playas para la pr\u00e1ctica del kitesurfing. En el <strong>Puerto de Veracruz<\/strong> existen los siguientes spots donde generalmente los locales hacen kitesurf: <strong>Playa Boca del R\u00edo, Playa del Hotel Camino Real, Playa Santa Anna (Tampiquera) y Playa Iguana. <\/strong><\/p>\n<p style=\"text-align:justify\">Las mejores playas del estado de Veracruz se encuentran en Costa Esmeralda, a 50km al norte del Puerto de <strong>Veracruz<\/strong> ( tan s\u00f3lo 5 horas manejando desde la ciudad de M\u00e9xico). El color de la arena puede ser gris marr\u00f3n, aguas c\u00e1lidas y grandes extensiones sin personas, hacen que sea un de los mejores destinos del pa\u00eds para estar en aislamiento. Cerca de este lugar, se encuentra \u2018 <a href=\"http:\/\/www.mexicodesconocido.com.mx\/el-tajin-veracruz.html\">El Tajin\u2019<\/a>, patrimonio de la humanidad nombrado por la <a href=\"http:\/\/www.unesco.org\/new\/en\/\">UNESCO<\/a>, este lugar es un centro ceremonial de los Totonacas. En la <strong>Costa Esmeralda<\/strong>, podr\u00e1 pasar varios d\u00edas en paz y comer de las delicias locales en una ambiente informal.<\/p>\n<p style=\"text-align:justify\">Incre\u00edbles playas en esta costa, playa tropical y muchos pozos petroleros. Esta costa se encuentra dentro de El <a href=\"http:\/\/www.veracruz.gob.mx\/\">Estado de Veracruz<\/a>, el cual ocupa una larga parte de la costa yen la misma  se encuentran dispersos varios pueblos y sitios arqueol\u00f3gicos ya que muchos turistas acuden a estos lugares.<\/p>\n<p><strong> Condiciones para kitesurf:<\/strong><\/p>\n<p style=\"text-align:justify\">\nEl mar de la Costa Esmeralda es verde, de ah\u00ed que proviene su nombre, la arena es gris y las playas son desoladas y con excelente comida. La costa es ideal para downwinders. Al final de la costa del lado sur (10 min manejando), existe un larga r\u00eda de agua plana. Dentro de un radio de 2 horas en autom\u00f3vil, existen un vasto n\u00famero de perfectas playas, lagunas y r\u00edas para todos los niveles de <strong>kiteboarding<\/strong>.<\/p>\n<p style=\"text-align:justify\">\nLos vientos dominantes: N, SE. Respecto  a la orilla: onshore, sideshore, sideonshore. Mejor direcci\u00f3n: N, SE. Mejor \u00e9poca: octubre, noviembre y diciembre, enero, febrero, marzo, abril, junio,. Esta expuesto a la brisa del <strong>Golfo de M\u00e9xico<\/strong> el viento sopla del S \/ SE un promedio de (13-25 nudos) durante muchos meses del a\u00f1o. El S \/ SE son los m\u00e1s fuertes entre marzo y abril, ya que la tierra se calienta mucho y por la creaci\u00f3n de corrientes t\u00e9rmicas. Es famosa por los <strong>Nortes<\/strong>, que van desde octubre a marzo, con vientos de 20-40 nudos.<\/p>\n<p><strong>Cont\u00e1ctanos en caso de requerir clases o cursos de kiteboarding en Veracruz, renta de equipo de kite, hospedajes, escuelas de kitesurfing, tours o cualquier otra informaci\u00f3n.<\/strong><\/p>\n<p><iframe loading=\"lazy\" src=\"\/\/player.vimeo.com\/video\/46367765\" width=\"640\" height=\"400\" frameborder=\"0\" webkitallowfullscreen mozallowfullscreen allowfullscreen><\/iframe><\/p>\n<p><!-- FIN DE INFO --><\/p>\n<\/td>\n<td><\/td>\n<td><img decoding=\"async\" src=\"http:\/\/www.kitesurfvacation.com\/_images\/d-costaesmeralda.jpg\" alt=\"\" \/><\/p>\n<p><a href=\"http:\/\/www.windguru.cz\/es\/index.php?sc=181998\" target=\"_blank\"><img decoding=\"async\" src=\"http:\/\/www.kitesurfvacation.com\/_images\/winduguru2.jpg\" alt=\"\" \/><\/a>><\/p>\n<p><a href=\"\" target=\"_blank\"><img decoding=\"async\" src=\"http:\/\/www.kitesurfvacation.com\/_images\/fotosdestino.jpg\" alt=\"\" \/><\/a><\/td>\n<\/tr>\n<tr>\n<td colspan=\"3\"><img decoding=\"async\" src=\"http:\/\/www.kitesurfvacation.com\/_images\/tit_prop.jpg\" alt=\"\" \/><\/td>\n<\/tr>\n<\/table>\n<\/td>\n<\/tr>\n<tr>\n<td style=\"border-bottom: 1px solid #808080; height: 5px;\" colspan=\"6\"><\/td>\n<\/tr>\n<\/tbody>\n<\/table>\n<\/td>\n<\/tr>\n<tr>\n<td colspan=\"3\">\n<table border=\"0\" width=\"870\">\n<tbody>\n<tr>\n<td style=\"border-top: 1px solid #808080; height: 5px;\" colspan=\"6\"><\/td>\n<\/tr>\n<tr>\n<td style=\"vertical-align: middle; border: 0px solid red;\"><!--FOTO--><img decoding=\"async\" src=\"http:\/\/kitesurfvacation.com\/_images\/kiteobardingveracruz100.jpg\" alt=\"\" width=\"200\" \/><\/td>\n<td><\/td>\n<td style=\"vertical-align: top; text-align: justify; border: 0px solid red; line-height: 15px; font-family: tahoma;\" width=\"600\"><!--TEXTO--><\/p>\n<p style=\"text-align: justify; margin: 10px;\"><strong>ECO BOUTIQUE KITE HOTEL<\/strong><br \/>\nEs un hotel Eco-Boutique que cuenta con 10 habitaciones, eco-consciente e independiente que ha tomado el giro kite para ofrecer a los kiters y no-kiters una experiencia inolvidable. Dise\u00f1ado por kiters&#8230;para kiters! Todas las habitaciones cuentan servicio y limpieza diaria, Aire acondicionado, Ba\u00f1o privado, Agua caliente, Televisi\u00f3n por Sky.<\/p>\n<\/td>\n<td><\/td>\n<td style=\"vertical-align: middle; border: 0px solid red;\"><!--PRECIOS--><\/p>\n<table style=\"border: 0px solid red;\" width=\"150\">\n<tbody>\n<tr>\n<td style=\"background-color: #006a78;\">.<\/td>\n<\/tr>\n<tr>\n<td style=\"font-size: 16px; color: #006a78;\" align=\"center\"><strong>Desde $25 USD<\/strong><\/td>\n<\/tr>\n<tr>\n<td style=\"font-size: 10px;\" align=\"center\">por persona \/ noche<\/td>\n<\/tr>\n<tr>\n<td style=\"font-size: 10px; text-align: center;\" align=\"center\">\n                <a class=\"medium custom-button align-btn-left\" href=\"http:\/\/kitesurfvacation.com\/?page_id=4235\" title=\"m\u00e1s info\"><span style=\"background-color:#FF5C00; color:#FFFFFF\">   :: m\u00e1s info ::   <\/span><\/a>\n\t     \n<\/td>\n<\/tr>\n<\/tbody>\n<\/table>\n<\/td>\n<\/tr>\n<tr>\n<td style=\"border-bottom: 1px solid #808080; height: 5px;\" colspan=\"6\"><\/td>\n<\/tr>\n<\/tbody>\n<\/table>\n<\/td>\n<\/tr>\n<\/tbody>\n<\/table>\n\n<!-- Facebook Like Button v1.9.6 BEGIN [http:\/\/blog.bottomlessinc.com] -->\n<iframe src=\"http:\/\/www.facebook.com\/plugins\/like.php?href=https%3A%2F%2Fkitesurfvacation.com%2F%3Fpage_id%3D647&amp;layout=standard&amp;show_faces=false&amp;width=450&amp;action=like&amp;colorscheme=light\" scrolling=\"no\" frameborder=\"0\" allowTransparency=\"true\" style=\"border:none; overflow:hidden; width:450px; height: 30px; align: left; margin: 2px 0px 2px 0px\"><\/iframe>\n<!-- Facebook Like Button END -->\n","protected":false},"excerpt":{"rendered":"<p>&nbsp;&nbsp;&nbsp; ECO BOUTIQUE KITE HOTEL Es un hotel Eco-Boutique que cuenta con 10 habitaciones, eco-consciente e independiente que ha tomado el giro kite para ofrecer a los kiters y no-kiters una experiencia inolvidable. Dise\u00f1ado por kiters&#8230;para kiters! Todas las habitaciones cuentan servicio y limpieza diaria, Aire acondicionado, [&hellip;]<\/p>\n","protected":false},"author":1,"featured_media":0,"parent":0,"menu_order":0,"comment_status":"closed","ping_status":"closed","template":"page-FullWidth.php","meta":{"footnotes":""},"class_list":["post-647","page","type-page","status-publish","hentry"],"_links":{"self":[{"href":"https:\/\/kitesurfvacation.com\/index.php?rest_route=\/wp\/v2\/pages\/647","targetHints":{"allow":["GET"]}}],"collection":[{"href":"https:\/\/kitesurfvacation.com\/index.php?rest_route=\/wp\/v2\/pages"}],"about":[{"href":"https:\/\/kitesurfvacation.com\/index.php?rest_route=\/wp\/v2\/types\/page"}],"author":[{"embeddable":true,"href":"https:\/\/kitesurfvacation.com\/index.php?rest_route=\/wp\/v2\/users\/1"}],"replies":[{"embeddable":true,"href":"https:\/\/kitesurfvacation.com\/index.php?rest_route=%2Fwp%2Fv2%2Fcomments&post=647"}],"version-history":[{"count":30,"href":"https:\/\/kitesurfvacation.com\/index.php?rest_route=\/wp\/v2\/pages\/647\/revisions"}],"predecessor-version":[{"id":11571,"href":"https:\/\/kitesurfvacation.com\/index.php?rest_route=\/wp\/v2\/pages\/647\/revisions\/11571"}],"wp:attachment":[{"href":"https:\/\/kitesurfvacation.com\/index.php?rest_route=%2Fwp%2Fv2%2Fmedia&parent=647"}],"curies":[{"name":"wp","href":"https:\/\/api.w.org\/{rel}","templated":true}]}}