{"id":451,"date":"2011-12-22T23:54:21","date_gmt":"2011-12-22T23:54:21","guid":{"rendered":"http:\/\/kitesurfvacation.com\/?page_id=451"},"modified":"2020-08-05T11:38:53","modified_gmt":"2020-08-05T16:38:53","slug":"paquetes","status":"publish","type":"page","link":"https:\/\/kitesurfvacation.com\/?page_id=451","title":{"rendered":"Paquetes de viaje de kite para tus vacaciones de kiteboarding en Mexico"},"content":{"rendered":"<div id=\"tweetbutton451\" class=\"tw_button\" style=\"\"><a href=\"http:\/\/twitter.com\/share?url=https%3A%2F%2Fkitesurfvacation.com%2F%3Fpage_id%3D451&amp;text=Paquetes%20de%20viaje%20de%20kite%20para%20tus%20vacaciones%20de%20kiteboarding%20en%20Mexico&amp;related=&amp;lang=en&amp;count=horizontal&amp;counturl=https%3A%2F%2Fkitesurfvacation.com%2F%3Fpage_id%3D451\" class=\"twitter-share-button\"  style=\"width:55px;height:22px;background:transparent url('https:\/\/kitesurfvacation.com\/wp-content\/plugins\/wp-tweet-button\/tweetn.png') no-repeat  0 0;text-align:left;text-indent:-9999px;display:block;\">Tweet<\/a><\/div>\n<!-- Facebook Like Button v1.9.6 BEGIN [http:\/\/blog.bottomlessinc.com] -->\n<iframe src=\"http:\/\/www.facebook.com\/plugins\/like.php?href=https%3A%2F%2Fkitesurfvacation.com%2F%3Fpage_id%3D451&amp;layout=standard&amp;show_faces=false&amp;width=450&amp;action=like&amp;colorscheme=light\" scrolling=\"no\" frameborder=\"0\" allowTransparency=\"true\" style=\"border:none; overflow:hidden; width:450px; height: 30px; align: left; margin: 2px 0px 2px 0px\"><\/iframe>\n<!-- Facebook Like Button END -->\n<p><a href=\"http:\/\/kitesurfvacation.com\/wp-content\/uploads\/2020\/08\/kitesurfvacationaccommodations-1.jpg\" rel=\"wp-prettyPhoto[451]\"><img loading=\"lazy\" decoding=\"async\" class=\"aligncenter size-full wp-image-7044\" src=\"http:\/\/kitesurfvacation.com\/wp-content\/uploads\/2020\/08\/kitesurfvacationaccommodations-1.jpg\" alt=\"kitesurfing packages\" width=\"850\" height=\"300\" \/><\/a><\/p>\n<p style=\"text-align: justify;\">Elige uno de nuestros excelentes <strong>paquetes de viaje y vacaciones de kitesurfing en M\u00e9xico<\/strong> para que no tengas que perder tu valioso tiempo en organizar tu viaje, de tal forma ahorrar\u00e1s tu dinero con nuestras ofertas de paquetes de kiteboarding. Algunos de los paquetes incluyen, hospedaje, clases de kiteboarding, hotel, transporte y alimentos (opcionales). Al igual, podr\u00e1s tomar m\u00e1s horas de clases de kitesurfing extra o grupales y m\u00e1s dias de alojamiento en caso de requerirlo, podemos dise\u00f1ar un paquete a tu medida para tus kitesurfing holidays en M\u00e9xico.<\/p>\n<p style=\"text-align: justify;\">Por el momento, estamos re-dise\u00f1ando nuestros paquetes y experiencias. Cont\u00e1ctanos si deseas alg\u00fan paquete en especial en el destino de kite que vayas a visitar.<\/p>\n<p><!-- PAQUETES Y OFERTAS --><\/p>\n<table border=\"0\" width=\"870\">\n<tbody>\n<tr>\n<td style=\"border-top: 1px solid #808080; height: 5px;\" colspan=\"6\"><\/td>\n<\/tr>\n<tr>\n<td style=\"vertical-align: middle; border: 0px solid red;\"><!--FOTO--><img decoding=\"async\" src=\"http:\/\/kitesurfvacation.com\/_images\/vankitesurf100.jpg\" alt=\"\" width=\"200\" \/><\/td>\n<td><\/td>\n<td style=\"vertical-align: top; text-align: justify; border: 0px solid red; line-height: 15px; font-family: tahoma;\" width=\"600\"><!--TEXTO--><\/p>\n<p style=\"text-align: justify; margin: 10px;\"><strong>ROADTRIP EN CAMPER POR EL CARIBE Y YUCATAN + CLASES DE KITESURF <\/strong><br \/>\nDisfruta del placer de viajar, dormir y kitesurfear en spots incre\u00edbles a lo largo de Quintana Roo y Yucat\u00e1n. Despierta con los sonidos del mar y vive una inmersi\u00f3n en la naturaleza. El paquete incluye 6 horas de clases de kite.<\/p>\n<\/td>\n<td><\/td>\n<td style=\"vertical-align: middle; border: 0px solid red;\"><!--PRECIOS--><\/p>\n<table style=\"border: 0px solid red;\" width=\"150\">\n<tbody>\n<tr>\n<td style=\"background-color: #006a78;\"><\/td>\n<\/tr>\n<tr>\n<td style=\"font-size: 16px; color: #006a78;\" align=\"center\"><strong>Desde $780 USD<\/strong><\/td>\n<\/tr>\n<tr>\n<td style=\"font-size: 10px;\" align=\"center\">por van<\/td>\n<\/tr>\n<tr>\n<td style=\"font-size: 10px; text-align: center;\" align=\"center\">\n                <a class=\"medium custom-button align-btn-left\" href=\"http:\/\/kitesurfvacation.com\/?page_id=2491\" title=\"m\u00e1s info\"><span style=\"background-color:#FF5C00; color:#FFFFFF\"> :: m\u00e1s info :: <\/span><\/a>\n\t     <\/td>\n<\/tr>\n<\/tbody>\n<\/table>\n<\/td>\n<\/tr>\n<tr>\n<td style=\"border-bottom: 1px solid #808080; height: 5px;\" colspan=\"6\"><\/td>\n<\/tr>\n<\/tbody>\n<\/table>\n<p><!-- EXPERIENCIA NUMERO X--><\/p>\n<table border=\"0\" width=\"870\">\n<tbody>\n<tr>\n<td style=\"border-top: 1px solid #808080; height: 5px;\" colspan=\"6\"><\/td>\n<\/tr>\n<tr>\n<td style=\"vertical-align: middle; border: 0px solid red;\"><!--FOTO--><img decoding=\"async\" src=\"http:\/\/kitesurfvacation.com\/_images\/kitecamps.jpg\" alt=\"\" width=\"200\" \/><\/td>\n<td><\/td>\n<td style=\"vertical-align: top; text-align: justify; border: 0px solid red; line-height: 15px; font-family: tahoma;\" width=\"600\"><!--TEXTO--><\/p>\n<p style=\"text-align: justify; margin: 10px;\"><strong>KITE CAMPS Y RETIROS DE KITEBOARDING EN MEXICO <\/strong><br \/>\nAprender y progresa en el deporte, comparte tu pasi\u00f3n, viaja a destinos ex\u00f3ticos de viento y  descubre nuevas culturas viviendo el \u201clifestyle\u201d de un kiter. Escogemos los mejores destinos de kite en M\u00e9xico para nuestras experiencias, involucrando aspectos culturales, ambientales, ecol\u00f3gicos y sobre todo de soporte a la comunidad local. <\/p>\n<\/td>\n<td><\/td>\n<td style=\"vertical-align: middle; border: 0px solid red;\"><!--PRECIOS--><\/p>\n<table style=\"border: 0px solid red;\" width=\"150\">\n<tbody>\n<tr>\n<td style=\"background-color: #006a78;\"><\/td>\n<\/tr>\n<tr>\n<td style=\"font-size: 16px; color: #006a78;\" align=\"center\"><strong>Desde $800 USD<\/strong><\/td>\n<\/tr>\n<tr>\n<td style=\"font-size: 10px;\" align=\"center\">por persona<\/td>\n<\/tr>\n<tr>\n<td style=\"font-size: 10px; text-align: center;\" align=\"center\">\n                <a class=\"medium custom-button align-btn-left\" href=\"http:\/\/kitesurfvacation.com\/?page_id=13097\" title=\"m\u00e1s info\"><span style=\"background-color:#FF5C00; color:#FFFFFF\"> :: m\u00e1s info :: <\/span><\/a>\n\t     <\/td>\n<\/tr>\n<\/tbody>\n<\/table>\n<\/td>\n<\/tr>\n<tr>\n<td style=\"border-bottom: 1px solid #808080; height: 5px;\" colspan=\"6\"><\/td>\n<\/tr>\n<\/tbody>\n<\/table>\n<p><!--FIN 3--><\/p>\n<table border=\"0\" width=\"870\">\n<tbody>\n<tr>\n<td style=\"border-top: 1px solid #808080; height: 5px;\" colspan=\"6\"><\/td>\n<\/tr>\n<tr>\n<td style=\"vertical-align: middle; border: 0px solid red;\"><!--FOTO--><img loading=\"lazy\" decoding=\"async\" src=\"http:\/\/kitesurfvacation.com\/_images\/apartmentlaventana100.jpg\" alt=\"\" width=\"200\" height=\"100\" \/><\/td>\n<td><\/td>\n<td style=\"vertical-align: top; text-align: justify; border: 0px solid red; line-height: 15px; font-family: tahoma;\" width=\"600\"><!--TEXTO--><\/p>\n<p style=\"text-align: justify; margin: 10px;\"><strong>ESTUDIO + CLASES EN LA VENTANA, BAJA CALIFORNIA<\/strong><br \/>\n-El estudio se encuentra ubicado en La Ventana, Baja California, uno de los destinos con m\u00e1s viento en M\u00e9xico. Este incre\u00edble hospedaje se encuentra localizado a s\u00f3lo pasos de una de las mejores playas de kite en La Ventana. La vista desde la terraza a la bah\u00eda de La Ventana, las monta\u00f1as y al Mar de Cort\u00e9s, hace una estad\u00eda m\u00e1s que espectacular.<\/p>\n<\/td>\n<td><\/td>\n<td style=\"vertical-align: middle; border: 0px solid red;\"><!--PRECIOS--><\/p>\n<table style=\"border: 0px solid red;\" width=\"150\">\n<tbody>\n<tr>\n<td style=\"background-color: #006a78;\"><\/td>\n<\/tr>\n<tr>\n<td style=\"font-size: 16px; color: #006a78;\" align=\"center\"><strong>Desde $705 USD<\/strong><\/td>\n<\/tr>\n<tr>\n<td style=\"font-size: 10px;\" align=\"center\">por persona<\/td>\n<\/tr>\n<tr>\n<td style=\"font-size: 10px; text-align: center;\" align=\"center\">\n                <a class=\"medium custom-button align-btn-left\" href=\"http:\/\/kitesurfvacation.com\/?page_id=5186\" title=\"m\u00e1s info\"><span style=\"background-color:#FF5C00; color:#FFFFFF\"> :: m\u00e1s info :: <\/span><\/a>\n\t     <\/td>\n<\/tr>\n<\/tbody>\n<\/table>\n<\/td>\n<\/tr>\n<tr>\n<td style=\"border-bottom: 1px solid #808080; height: 5px;\" colspan=\"6\"><\/td>\n<\/tr>\n<\/tbody>\n<\/table>\n<p><!--FIN 4--><br \/>\n<!--FIN 3--><\/p>\n<table border=\"0\" width=\"870\">\n<tbody>\n<tr>\n<td style=\"border-top: 1px solid #808080; height: 5px;\" colspan=\"6\"><\/td>\n<\/tr>\n<tr>\n<td style=\"vertical-align: middle; border: 0px solid red;\"><!--FOTO--><img loading=\"lazy\" decoding=\"async\" src=\"http:\/\/kitesurfvacation.com\/_images\/cablepark100.jpg\" alt=\"\" width=\"200\" height=\"100\" \/><\/td>\n<td><\/td>\n<td style=\"vertical-align: top; text-align: justify; border: 0px solid red; line-height: 15px; font-family: tahoma;\" width=\"600\"><!--TEXTO--><\/p>\n<p style=\"text-align: justify; margin: 10px;\"><strong>KITE AND CABLEPARK RIVIERA MAYA<\/strong><br \/>\nToma clases de kite y obt\u00e9n una promoci\u00f3n para el cable wake park. Lo cual te ayudar\u00e1 a mantener el control de la tabla y para mejorar tus trucos de kitesurfing. Contamos con una promoci\u00f3n especial de 1 hora gratis en el cable park y otras ofertas.<\/p>\n<\/td>\n<td><\/td>\n<td style=\"vertical-align: middle; border: 0px solid red;\"><!--PRECIOS--><\/p>\n<table style=\"border: 0px solid red;\" width=\"150\">\n<tbody>\n<tr>\n<td style=\"background-color: #006a78;\"><\/td>\n<\/tr>\n<tr>\n<td style=\"font-size: 16px; color: #006a78;\" align=\"center\"><strong>Desde $75 USD<\/strong><\/td>\n<\/tr>\n<tr>\n<td style=\"font-size: 10px;\" align=\"center\">por persona<\/td>\n<\/tr>\n<tr>\n<td style=\"font-size: 10px; text-align: center;\" align=\"center\">\n                <a class=\"medium custom-button align-btn-left\" href=\"http:\/\/kitesurfvacation.com\/?page_id=12739\" title=\"m\u00e1s info\"><span style=\"background-color:#FF5C00; color:#FFFFFF\"> :: m\u00e1s info :: <\/span><\/a>\n\t     <\/td>\n<\/tr>\n<\/tbody>\n<\/table>\n<\/td>\n<\/tr>\n<tr>\n<td style=\"border-bottom: 1px solid #808080; height: 5px;\" colspan=\"6\"><\/td>\n<\/tr>\n<\/tbody>\n<\/table>\n<p><!--FIN 4--><\/p>\n\n<!-- Facebook Like Button v1.9.6 BEGIN [http:\/\/blog.bottomlessinc.com] -->\n<iframe src=\"http:\/\/www.facebook.com\/plugins\/like.php?href=https%3A%2F%2Fkitesurfvacation.com%2F%3Fpage_id%3D451&amp;layout=standard&amp;show_faces=false&amp;width=450&amp;action=like&amp;colorscheme=light\" scrolling=\"no\" frameborder=\"0\" allowTransparency=\"true\" style=\"border:none; overflow:hidden; width:450px; height: 30px; align: left; margin: 2px 0px 2px 0px\"><\/iframe>\n<!-- Facebook Like Button END -->\n","protected":false},"excerpt":{"rendered":"<p>Elige uno de nuestros excelentes paquetes de viaje y vacaciones de kitesurfing en M\u00e9xico para que no tengas que perder tu valioso tiempo en organizar tu viaje, de tal forma ahorrar\u00e1s tu dinero con nuestras ofertas de paquetes de kiteboarding. Algunos de los paquetes incluyen, hospedaje, clases [&hellip;]<\/p>\n","protected":false},"author":1,"featured_media":0,"parent":0,"menu_order":0,"comment_status":"closed","ping_status":"closed","template":"page-FullWidth.php","meta":{"footnotes":""},"class_list":["post-451","page","type-page","status-publish","hentry"],"_links":{"self":[{"href":"https:\/\/kitesurfvacation.com\/index.php?rest_route=\/wp\/v2\/pages\/451","targetHints":{"allow":["GET"]}}],"collection":[{"href":"https:\/\/kitesurfvacation.com\/index.php?rest_route=\/wp\/v2\/pages"}],"about":[{"href":"https:\/\/kitesurfvacation.com\/index.php?rest_route=\/wp\/v2\/types\/page"}],"author":[{"embeddable":true,"href":"https:\/\/kitesurfvacation.com\/index.php?rest_route=\/wp\/v2\/users\/1"}],"replies":[{"embeddable":true,"href":"https:\/\/kitesurfvacation.com\/index.php?rest_route=%2Fwp%2Fv2%2Fcomments&post=451"}],"version-history":[{"count":35,"href":"https:\/\/kitesurfvacation.com\/index.php?rest_route=\/wp\/v2\/pages\/451\/revisions"}],"predecessor-version":[{"id":13502,"href":"https:\/\/kitesurfvacation.com\/index.php?rest_route=\/wp\/v2\/pages\/451\/revisions\/13502"}],"wp:attachment":[{"href":"https:\/\/kitesurfvacation.com\/index.php?rest_route=%2Fwp%2Fv2%2Fmedia&parent=451"}],"curies":[{"name":"wp","href":"https:\/\/api.w.org\/{rel}","templated":true}]}}