{"id":2797,"date":"2012-05-18T04:06:33","date_gmt":"2012-05-18T04:06:33","guid":{"rendered":"http:\/\/kitesurfvacation.com\/?page_id=2797"},"modified":"2012-05-25T16:42:57","modified_gmt":"2012-05-25T16:42:57","slug":"chichen-itza-cenote-valladolid","status":"publish","type":"page","link":"https:\/\/kitesurfvacation.com\/?page_id=2797","title":{"rendered":"Chichen Itza &#8211; Cenote -Valladolid"},"content":{"rendered":"<div id=\"tweetbutton2797\" class=\"tw_button\" style=\"\"><a href=\"http:\/\/twitter.com\/share?url=https%3A%2F%2Fkitesurfvacation.com%2F%3Fpage_id%3D2797&amp;text=Chichen%20Itza%20%26%238211%3B%20Cenote%20-Valladolid&amp;related=&amp;lang=en&amp;count=horizontal&amp;counturl=https%3A%2F%2Fkitesurfvacation.com%2F%3Fpage_id%3D2797\" class=\"twitter-share-button\"  style=\"width:55px;height:22px;background:transparent url('https:\/\/kitesurfvacation.com\/wp-content\/plugins\/wp-tweet-button\/tweetn.png') no-repeat  0 0;text-align:left;text-indent:-9999px;display:block;\">Tweet<\/a><\/div>\n<!-- Facebook Like Button v1.9.6 BEGIN [http:\/\/blog.bottomlessinc.com] -->\n<iframe src=\"http:\/\/www.facebook.com\/plugins\/like.php?href=https%3A%2F%2Fkitesurfvacation.com%2F%3Fpage_id%3D2797&amp;layout=standard&amp;show_faces=false&amp;width=450&amp;action=like&amp;colorscheme=light\" scrolling=\"no\" frameborder=\"0\" allowTransparency=\"true\" style=\"border:none; overflow:hidden; width:450px; height: 30px; align: left; margin: 2px 0px 2px 0px\"><\/iframe>\n<!-- Facebook Like Button END -->\n<table>\n<tbody>\n<tr>\n<td><img decoding=\"async\" src=\"_images\/chichen500.jpg\" alt=\"\" \/><\/td>\n<td> <\/td>\n<td><img decoding=\"async\" src=\"_images\/chichen200.jpg\" alt=\"\" \/><\/td>\n<\/tr>\n<tr>\n<td style=\"vertical-align: top; text-align: justify;\" colspan=\"3\" width=\"845\"><!-- CONTENIDO DE INFO --><\/p>\n<p style=\"text-align: justify;\">\n<strong>CHICHEN ITZA<\/strong><br \/>\nAprecia una de las maravillas mundiales, el evento maya astron\u00f3mico donde desciende la serpiente emplumada en la gran pir\u00e1mide de Chichen Itza, las ruinas mayas m\u00e1s famosas de la cultura Maya. <\/p>\n<p><strong>CENOTE <\/strong><br \/>\nAdmira  las incre\u00edbles formaciones rocosas de estalactitas y estalagmitas dentro de esta cueva y refr\u00e9scate con un ba\u00f1o en aguas dulces y cristalinas.<\/p>\n<p><strong>VALLADOLID \u201cPUEBLO COLONIAL\u201d<\/strong>Visita un pueblo colonial t\u00edpico de M\u00e9xico, camina a los alrededores de la catedral, la plaza central y un t\u00edpico mercado mexicano.<\/p>\n<p><strong>Recomendaciones:<\/strong> Protector solar, traje de ba\u00f1o, toalla, c\u00e1mara, agua, sombrero y lentes. <\/p>\n<p><strong>Incluye: <\/strong> Transporte privado con aire acondicionado (van), Gu\u00eda del tour en Espa\u00f1ol e Ingl\u00e9s, entrada a las ruinas, comida buffet (bebidas no incluidas), gu\u00eda especializado en Chichen Itza.<\/p>\n<p>Salida:  7:00 am<br \/>\nLlegada:  6:30 pm<\/p>\n<\/td>\n<td> <\/td>\n<\/tr>\n<tr>\n<td colspan=\"3\"><div class=\"clear\"><\/div><div class=\"tabs-wrapper\"><ul class=\"tabs\"><li><a href=\"javascript:void(0)\" class=\"defaulttab\" rel=\"tab1832\"><span>1<\/span><\/a><\/li><li><a href=\"javascript:void(0)\" rel=\"tab1575\"><span>2<\/span><\/a><\/li><li><a href=\"javascript:void(0)\" rel=\"tab1865\"><span>3<\/span><\/a><\/li><li><a href=\"javascript:void(0)\" rel=\"tab1472\"><span>4<\/span><\/a><\/li><li><a href=\"javascript:void(0)\" rel=\"tab1960\"><span>5<\/span><\/a><\/li><li><a href=\"javascript:void(0)\" rel=\"tab1404\"><span>6<\/span><\/a><\/li><\/ul><div class=\"tab-content\" id=\"tab1832\"><div class=\"tabs-inner-padding\"><img decoding=\"async\" src=\"_images\/chichen1.jpg\"  \/><\/div><\/div><div class=\"tab-content\" id=\"tab1575\"><div class=\"tabs-inner-padding\"><img decoding=\"async\" src=\"_images\/chichen2.jpg\" \/><\/div><\/div><div class=\"tab-content\" id=\"tab1865\"><div class=\"tabs-inner-padding\"><img decoding=\"async\" src=\"_images\/chichen3.jpg\" \/><\/div><\/div><div class=\"tab-content\" id=\"tab1472\"><div class=\"tabs-inner-padding\"><img decoding=\"async\" src=\"_images\/chichen4.jpg\" \/><\/div><\/div><div class=\"tab-content\" id=\"tab1960\"><div class=\"tabs-inner-padding\"><img decoding=\"async\" src=\"_images\/chichen5.jpg\" \/><\/div><\/div><div class=\"tab-content\" id=\"tab1404\"><div class=\"tabs-inner-padding\"><img decoding=\"async\" src=\"_images\/chichen6.jpg\"  \/><\/div><\/div><\/div><!-- tabs-wrapper end --><div class=\"clear\"><\/div><\/td>\n<\/tr>\n<tr>\n<td>\n                <a class=\"medium custom-button align-btn-left\" href=\"http:\/\/kitesurfvacation.com\/?page_id=2810#prop\" title=\"m\u00e1s tours y actividades\"><span style=\"background-color:#FF5C00; color:#FFFFFF\"> :: m\u00e1s tours y actividades:: <\/span><\/a>\n\t     <\/td>\n<\/tr>\n<\/tbody>\n<\/table>\n\n<!-- Facebook Like Button v1.9.6 BEGIN [http:\/\/blog.bottomlessinc.com] -->\n<iframe src=\"http:\/\/www.facebook.com\/plugins\/like.php?href=https%3A%2F%2Fkitesurfvacation.com%2F%3Fpage_id%3D2797&amp;layout=standard&amp;show_faces=false&amp;width=450&amp;action=like&amp;colorscheme=light\" scrolling=\"no\" frameborder=\"0\" allowTransparency=\"true\" style=\"border:none; overflow:hidden; width:450px; height: 30px; align: left; margin: 2px 0px 2px 0px\"><\/iframe>\n<!-- Facebook Like Button END -->\n","protected":false},"excerpt":{"rendered":"<p>CHICHEN ITZA Aprecia una de las maravillas mundiales, el evento maya astron\u00f3mico donde desciende la serpiente emplumada en la gran pir\u00e1mide de Chichen Itza, las ruinas mayas m\u00e1s famosas de la cultura Maya. CENOTE Admira las incre\u00edbles formaciones rocosas de estalactitas y estalagmitas dentro de esta cueva [&hellip;]<\/p>\n","protected":false},"author":1,"featured_media":0,"parent":0,"menu_order":0,"comment_status":"closed","ping_status":"open","template":"page-FullWidth.php","meta":{"footnotes":""},"class_list":["post-2797","page","type-page","status-publish","hentry"],"_links":{"self":[{"href":"https:\/\/kitesurfvacation.com\/index.php?rest_route=\/wp\/v2\/pages\/2797","targetHints":{"allow":["GET"]}}],"collection":[{"href":"https:\/\/kitesurfvacation.com\/index.php?rest_route=\/wp\/v2\/pages"}],"about":[{"href":"https:\/\/kitesurfvacation.com\/index.php?rest_route=\/wp\/v2\/types\/page"}],"author":[{"embeddable":true,"href":"https:\/\/kitesurfvacation.com\/index.php?rest_route=\/wp\/v2\/users\/1"}],"replies":[{"embeddable":true,"href":"https:\/\/kitesurfvacation.com\/index.php?rest_route=%2Fwp%2Fv2%2Fcomments&post=2797"}],"version-history":[{"count":5,"href":"https:\/\/kitesurfvacation.com\/index.php?rest_route=\/wp\/v2\/pages\/2797\/revisions"}],"predecessor-version":[{"id":2821,"href":"https:\/\/kitesurfvacation.com\/index.php?rest_route=\/wp\/v2\/pages\/2797\/revisions\/2821"}],"wp:attachment":[{"href":"https:\/\/kitesurfvacation.com\/index.php?rest_route=%2Fwp%2Fv2%2Fmedia&parent=2797"}],"curies":[{"name":"wp","href":"https:\/\/api.w.org\/{rel}","templated":true}]}}