{"id":1953,"date":"2012-02-15T16:11:23","date_gmt":"2012-02-15T16:11:23","guid":{"rendered":"http:\/\/kitesurfvacation.com\/?page_id=1953"},"modified":"2016-09-03T12:35:59","modified_gmt":"2016-09-03T17:35:59","slug":"tribu","status":"publish","type":"page","link":"http:\/\/kitesurfvacation.com\/?page_id=1953","title":{"rendered":"Holbox Apartamentos"},"content":{"rendered":"<div id=\"tweetbutton1953\" class=\"tw_button\" style=\"\"><a href=\"http:\/\/twitter.com\/share?url=http%3A%2F%2Fkitesurfvacation.com%2F%3Fpage_id%3D1953&amp;text=Holbox%20Apartamentos&amp;related=&amp;lang=en&amp;count=horizontal&amp;counturl=http%3A%2F%2Fkitesurfvacation.com%2F%3Fpage_id%3D1953\" class=\"twitter-share-button\"  style=\"width:55px;height:22px;background:transparent url('http:\/\/kitesurfvacation.com\/wp-content\/plugins\/wp-tweet-button\/tweetn.png') no-repeat  0 0;text-align:left;text-indent:-9999px;display:block;\">Tweet<\/a><\/div>\n<!-- Facebook Like Button v1.9.6 BEGIN [http:\/\/blog.bottomlessinc.com] -->\n<iframe src=\"http:\/\/www.facebook.com\/plugins\/like.php?href=http%3A%2F%2Fkitesurfvacation.com%2F%3Fpage_id%3D1953&amp;layout=standard&amp;show_faces=false&amp;width=450&amp;action=like&amp;colorscheme=light\" scrolling=\"no\" frameborder=\"0\" allowTransparency=\"true\" style=\"border:none; overflow:hidden; width:450px; height: 30px; align: left; margin: 2px 0px 2px 0px\"><\/iframe>\n<!-- Facebook Like Button END -->\n<table>\n<tbody>\n<tr>\n<td><img decoding=\"async\" src=\"_images\/holboxapartments200.jpg\" alt=\"\" \/><\/td>\n<td><\/td>\n<td><img decoding=\"async\" src=\"_images\/holboxapartmentsmap.jpg\" alt=\"\" \/><\/td>\n<\/tr>\n<tr>\n<td style=\"vertical-align: top; text-align: justify;\" colspan=\"3\" width=\"845\"><!-- CONTENIDO DE INFO --><\/p>\n<p style=\"text-align: justify;\">El complejo ofrece alojamiento de cinco unidades: dos apartamentos, un estudio, una habitaci\u00f3n doble y una habitaci\u00f3n triple. Ubicada en la zona m\u00e1s tranquila de la isla, a s\u00f3lo 80 metros de la playa y a menos de 10 minutos caminando del centro del pueblo.  Los departamentos cuentan con refrigerador, ventilador, ba\u00f1o privado con ducha y art\u00edculos de limpieza. Las suites cuentan con aire acondicionado, TV v\u00eda sat\u00e9lite y cocina totalmente equipada. El apartamento doble dispone de TV v\u00eda sat\u00e9lite, aire acondicionado y vistas al mar. La habitaci\u00f3n triple no disponen de aire acondicionado.<\/p>\n<p style=\"text-align: justify;\">El complejo cuenta con servicios de Masajes, Toallas de playa, cambio de divisas, \u00e1rea de asador, internetWi-Fi, renta de carritos de golf y bicicletas, tours, transportes, juguetes de playa, recepci\u00f3n 24 horas, estacionamiento gratuito.<\/p>\n<p style=\"text-align: justify;\">Los precios de cada unidad var\u00edan dependiendo la temporada.<br \/>\nDepartamento a. (2pax): De $69 usd a $109 usd<br \/>\nDepartamento b.  (2pax): De $89 usd a $129 usd<br \/>\nEstudio (2pax): $79 usd a $109 usd<br \/>\nHabitaci\u00f3n doble:  $49 usd a $79 usd<br \/>\nHabitaci\u00f3n triple: $59 usd a $89 usd<\/p>\n<p style=\"text-align: justify;\">Escr\u00edbenos si deseas m\u00e1s informaci\u00f3n o reservar estos hospedajes en Holbox.\n<\/p>\n\n\t\t<style type=\"text\/css\">\n\t\t\t#gallery-1 {\n\t\t\t\tmargin: auto;\n\t\t\t}\n\t\t\t#gallery-1 .gallery-item {\n\t\t\t\tfloat: left;\n\t\t\t\tmargin-top: 10px;\n\t\t\t\ttext-align: center;\n\t\t\t\twidth: 33%;\n\t\t\t}\n\t\t\t#gallery-1 img {\n\t\t\t\tborder: 2px solid #cfcfcf;\n\t\t\t}\n\t\t\t#gallery-1 .gallery-caption {\n\t\t\t\tmargin-left: 0;\n\t\t\t}\n\t\t\t\/* see gallery_shortcode() in wp-includes\/media.php *\/\n\t\t<\/style>\n\t\t<div id='gallery-1' class='gallery galleryid-1953 gallery-columns-3 gallery-size-medium'><dl class='gallery-item'>\n\t\t\t<dt class='gallery-icon landscape'>\n\t\t\t\t<a rel='wp-prettyPhoto[gallery]' href='http:\/\/kitesurfvacation.com\/wp-content\/uploads\/2012\/03\/7403968.jpg'><img loading=\"lazy\" decoding=\"async\" width=\"300\" height=\"164\" src=\"http:\/\/kitesurfvacation.com\/wp-content\/uploads\/2012\/03\/7403968-300x164.jpg\" class=\"attachment-medium size-medium\" alt=\"\" srcset=\"http:\/\/kitesurfvacation.com\/wp-content\/uploads\/2012\/03\/7403968-300x164.jpg 300w, http:\/\/kitesurfvacation.com\/wp-content\/uploads\/2012\/03\/7403968-768x421.jpg 768w, http:\/\/kitesurfvacation.com\/wp-content\/uploads\/2012\/03\/7403968.jpg 840w\" sizes=\"auto, (max-width: 300px) 100vw, 300px\" \/><\/a>\n\t\t\t<\/dt><\/dl><dl class='gallery-item'>\n\t\t\t<dt class='gallery-icon landscape'>\n\t\t\t\t<a rel='wp-prettyPhoto[gallery]' href='http:\/\/kitesurfvacation.com\/wp-content\/uploads\/2012\/03\/7501119.jpg'><img loading=\"lazy\" decoding=\"async\" width=\"300\" height=\"164\" src=\"http:\/\/kitesurfvacation.com\/wp-content\/uploads\/2012\/03\/7501119-300x164.jpg\" class=\"attachment-medium size-medium\" alt=\"\" srcset=\"http:\/\/kitesurfvacation.com\/wp-content\/uploads\/2012\/03\/7501119-300x164.jpg 300w, http:\/\/kitesurfvacation.com\/wp-content\/uploads\/2012\/03\/7501119-768x421.jpg 768w, http:\/\/kitesurfvacation.com\/wp-content\/uploads\/2012\/03\/7501119.jpg 840w\" sizes=\"auto, (max-width: 300px) 100vw, 300px\" \/><\/a>\n\t\t\t<\/dt><\/dl><dl class='gallery-item'>\n\t\t\t<dt class='gallery-icon landscape'>\n\t\t\t\t<a rel='wp-prettyPhoto[gallery]' href='http:\/\/kitesurfvacation.com\/wp-content\/uploads\/2012\/03\/9894627.jpg'><img loading=\"lazy\" decoding=\"async\" width=\"300\" height=\"164\" src=\"http:\/\/kitesurfvacation.com\/wp-content\/uploads\/2012\/03\/9894627-300x164.jpg\" class=\"attachment-medium size-medium\" alt=\"\" srcset=\"http:\/\/kitesurfvacation.com\/wp-content\/uploads\/2012\/03\/9894627-300x164.jpg 300w, http:\/\/kitesurfvacation.com\/wp-content\/uploads\/2012\/03\/9894627-768x421.jpg 768w, http:\/\/kitesurfvacation.com\/wp-content\/uploads\/2012\/03\/9894627.jpg 840w\" sizes=\"auto, (max-width: 300px) 100vw, 300px\" \/><\/a>\n\t\t\t<\/dt><\/dl><br style=\"clear: both\" \/><dl class='gallery-item'>\n\t\t\t<dt class='gallery-icon landscape'>\n\t\t\t\t<a rel='wp-prettyPhoto[gallery]' href='http:\/\/kitesurfvacation.com\/wp-content\/uploads\/2012\/03\/9894675.jpg'><img loading=\"lazy\" decoding=\"async\" width=\"300\" height=\"164\" src=\"http:\/\/kitesurfvacation.com\/wp-content\/uploads\/2012\/03\/9894675-300x164.jpg\" class=\"attachment-medium size-medium\" alt=\"\" srcset=\"http:\/\/kitesurfvacation.com\/wp-content\/uploads\/2012\/03\/9894675-300x164.jpg 300w, http:\/\/kitesurfvacation.com\/wp-content\/uploads\/2012\/03\/9894675-768x421.jpg 768w, http:\/\/kitesurfvacation.com\/wp-content\/uploads\/2012\/03\/9894675.jpg 840w\" sizes=\"auto, (max-width: 300px) 100vw, 300px\" \/><\/a>\n\t\t\t<\/dt><\/dl><dl class='gallery-item'>\n\t\t\t<dt class='gallery-icon landscape'>\n\t\t\t\t<a rel='wp-prettyPhoto[gallery]' href='http:\/\/kitesurfvacation.com\/wp-content\/uploads\/2012\/03\/10941879_1094313537249120_1336325971950065113_n.jpg'><img loading=\"lazy\" decoding=\"async\" width=\"300\" height=\"168\" src=\"http:\/\/kitesurfvacation.com\/wp-content\/uploads\/2012\/03\/10941879_1094313537249120_1336325971950065113_n-300x168.jpg\" class=\"attachment-medium size-medium\" alt=\"\" srcset=\"http:\/\/kitesurfvacation.com\/wp-content\/uploads\/2012\/03\/10941879_1094313537249120_1336325971950065113_n-300x168.jpg 300w, http:\/\/kitesurfvacation.com\/wp-content\/uploads\/2012\/03\/10941879_1094313537249120_1336325971950065113_n-768x430.jpg 768w, http:\/\/kitesurfvacation.com\/wp-content\/uploads\/2012\/03\/10941879_1094313537249120_1336325971950065113_n.jpg 960w\" sizes=\"auto, (max-width: 300px) 100vw, 300px\" \/><\/a>\n\t\t\t<\/dt><\/dl><dl class='gallery-item'>\n\t\t\t<dt class='gallery-icon landscape'>\n\t\t\t\t<a rel='wp-prettyPhoto[gallery]' href='http:\/\/kitesurfvacation.com\/wp-content\/uploads\/2012\/03\/10995466_1094313473915793_1003402694756804356_n.jpg'><img loading=\"lazy\" decoding=\"async\" width=\"300\" height=\"168\" src=\"http:\/\/kitesurfvacation.com\/wp-content\/uploads\/2012\/03\/10995466_1094313473915793_1003402694756804356_n-300x168.jpg\" class=\"attachment-medium size-medium\" alt=\"\" srcset=\"http:\/\/kitesurfvacation.com\/wp-content\/uploads\/2012\/03\/10995466_1094313473915793_1003402694756804356_n-300x168.jpg 300w, http:\/\/kitesurfvacation.com\/wp-content\/uploads\/2012\/03\/10995466_1094313473915793_1003402694756804356_n.jpg 563w\" sizes=\"auto, (max-width: 300px) 100vw, 300px\" \/><\/a>\n\t\t\t<\/dt><\/dl><br style=\"clear: both\" \/><dl class='gallery-item'>\n\t\t\t<dt class='gallery-icon landscape'>\n\t\t\t\t<a rel='wp-prettyPhoto[gallery]' href='http:\/\/kitesurfvacation.com\/wp-content\/uploads\/2012\/03\/11013039_1162907383723068_608052353063950071_n.jpg'><img loading=\"lazy\" decoding=\"async\" width=\"300\" height=\"200\" src=\"http:\/\/kitesurfvacation.com\/wp-content\/uploads\/2012\/03\/11013039_1162907383723068_608052353063950071_n-300x200.jpg\" class=\"attachment-medium size-medium\" alt=\"\" srcset=\"http:\/\/kitesurfvacation.com\/wp-content\/uploads\/2012\/03\/11013039_1162907383723068_608052353063950071_n-300x200.jpg 300w, http:\/\/kitesurfvacation.com\/wp-content\/uploads\/2012\/03\/11013039_1162907383723068_608052353063950071_n.jpg 472w\" sizes=\"auto, (max-width: 300px) 100vw, 300px\" \/><\/a>\n\t\t\t<\/dt><\/dl><dl class='gallery-item'>\n\t\t\t<dt class='gallery-icon landscape'>\n\t\t\t\t<a rel='wp-prettyPhoto[gallery]' href='http:\/\/kitesurfvacation.com\/wp-content\/uploads\/2012\/03\/11150610_1094313463915794_6213453174580082807_n.jpg'><img loading=\"lazy\" decoding=\"async\" width=\"300\" height=\"168\" src=\"http:\/\/kitesurfvacation.com\/wp-content\/uploads\/2012\/03\/11150610_1094313463915794_6213453174580082807_n-300x168.jpg\" class=\"attachment-medium size-medium\" alt=\"\" srcset=\"http:\/\/kitesurfvacation.com\/wp-content\/uploads\/2012\/03\/11150610_1094313463915794_6213453174580082807_n-300x168.jpg 300w, http:\/\/kitesurfvacation.com\/wp-content\/uploads\/2012\/03\/11150610_1094313463915794_6213453174580082807_n-768x430.jpg 768w, http:\/\/kitesurfvacation.com\/wp-content\/uploads\/2012\/03\/11150610_1094313463915794_6213453174580082807_n.jpg 960w\" sizes=\"auto, (max-width: 300px) 100vw, 300px\" \/><\/a>\n\t\t\t<\/dt><\/dl><dl class='gallery-item'>\n\t\t\t<dt class='gallery-icon landscape'>\n\t\t\t\t<a rel='wp-prettyPhoto[gallery]' href='http:\/\/kitesurfvacation.com\/wp-content\/uploads\/2012\/03\/11193346_1094313620582445_8561503053315023189_n.jpg'><img loading=\"lazy\" decoding=\"async\" width=\"300\" height=\"168\" src=\"http:\/\/kitesurfvacation.com\/wp-content\/uploads\/2012\/03\/11193346_1094313620582445_8561503053315023189_n-300x168.jpg\" class=\"attachment-medium size-medium\" alt=\"\" srcset=\"http:\/\/kitesurfvacation.com\/wp-content\/uploads\/2012\/03\/11193346_1094313620582445_8561503053315023189_n-300x168.jpg 300w, http:\/\/kitesurfvacation.com\/wp-content\/uploads\/2012\/03\/11193346_1094313620582445_8561503053315023189_n-768x430.jpg 768w, http:\/\/kitesurfvacation.com\/wp-content\/uploads\/2012\/03\/11193346_1094313620582445_8561503053315023189_n.jpg 960w\" sizes=\"auto, (max-width: 300px) 100vw, 300px\" \/><\/a>\n\t\t\t<\/dt><\/dl><br style=\"clear: both\" \/><dl class='gallery-item'>\n\t\t\t<dt class='gallery-icon landscape'>\n\t\t\t\t<a rel='wp-prettyPhoto[gallery]' href='http:\/\/kitesurfvacation.com\/wp-content\/uploads\/2012\/03\/11796217_1162907863723020_8825097332774634697_n.jpg'><img loading=\"lazy\" decoding=\"async\" width=\"300\" height=\"200\" src=\"http:\/\/kitesurfvacation.com\/wp-content\/uploads\/2012\/03\/11796217_1162907863723020_8825097332774634697_n-300x200.jpg\" class=\"attachment-medium size-medium\" alt=\"\" srcset=\"http:\/\/kitesurfvacation.com\/wp-content\/uploads\/2012\/03\/11796217_1162907863723020_8825097332774634697_n-300x200.jpg 300w, http:\/\/kitesurfvacation.com\/wp-content\/uploads\/2012\/03\/11796217_1162907863723020_8825097332774634697_n-768x512.jpg 768w, http:\/\/kitesurfvacation.com\/wp-content\/uploads\/2012\/03\/11796217_1162907863723020_8825097332774634697_n.jpg 960w\" sizes=\"auto, (max-width: 300px) 100vw, 300px\" \/><\/a>\n\t\t\t<\/dt><\/dl><dl class='gallery-item'>\n\t\t\t<dt class='gallery-icon landscape'>\n\t\t\t\t<a rel='wp-prettyPhoto[gallery]' href='http:\/\/kitesurfvacation.com\/wp-content\/uploads\/2012\/03\/11800546_1162907973723009_5503197317217305785_n.jpg'><img loading=\"lazy\" decoding=\"async\" width=\"300\" height=\"200\" src=\"http:\/\/kitesurfvacation.com\/wp-content\/uploads\/2012\/03\/11800546_1162907973723009_5503197317217305785_n-300x200.jpg\" class=\"attachment-medium size-medium\" alt=\"\" srcset=\"http:\/\/kitesurfvacation.com\/wp-content\/uploads\/2012\/03\/11800546_1162907973723009_5503197317217305785_n-300x200.jpg 300w, http:\/\/kitesurfvacation.com\/wp-content\/uploads\/2012\/03\/11800546_1162907973723009_5503197317217305785_n-768x512.jpg 768w, http:\/\/kitesurfvacation.com\/wp-content\/uploads\/2012\/03\/11800546_1162907973723009_5503197317217305785_n.jpg 960w\" sizes=\"auto, (max-width: 300px) 100vw, 300px\" \/><\/a>\n\t\t\t<\/dt><\/dl><dl class='gallery-item'>\n\t\t\t<dt class='gallery-icon landscape'>\n\t\t\t\t<a rel='wp-prettyPhoto[gallery]' href='http:\/\/kitesurfvacation.com\/wp-content\/uploads\/2012\/03\/11822759_1162908047056335_6437158476689678218_n.jpg'><img loading=\"lazy\" decoding=\"async\" width=\"300\" height=\"200\" src=\"http:\/\/kitesurfvacation.com\/wp-content\/uploads\/2012\/03\/11822759_1162908047056335_6437158476689678218_n-300x200.jpg\" class=\"attachment-medium size-medium\" alt=\"\" srcset=\"http:\/\/kitesurfvacation.com\/wp-content\/uploads\/2012\/03\/11822759_1162908047056335_6437158476689678218_n-300x200.jpg 300w, http:\/\/kitesurfvacation.com\/wp-content\/uploads\/2012\/03\/11822759_1162908047056335_6437158476689678218_n-768x512.jpg 768w, http:\/\/kitesurfvacation.com\/wp-content\/uploads\/2012\/03\/11822759_1162908047056335_6437158476689678218_n.jpg 960w\" sizes=\"auto, (max-width: 300px) 100vw, 300px\" \/><\/a>\n\t\t\t<\/dt><\/dl><br style=\"clear: both\" \/><dl class='gallery-item'>\n\t\t\t<dt class='gallery-icon landscape'>\n\t\t\t\t<a rel='wp-prettyPhoto[gallery]' href='http:\/\/kitesurfvacation.com\/wp-content\/uploads\/2012\/03\/11825043_1162908287056311_871297421509887153_n.jpg'><img loading=\"lazy\" decoding=\"async\" width=\"300\" height=\"200\" src=\"http:\/\/kitesurfvacation.com\/wp-content\/uploads\/2012\/03\/11825043_1162908287056311_871297421509887153_n-300x200.jpg\" class=\"attachment-medium size-medium\" alt=\"\" srcset=\"http:\/\/kitesurfvacation.com\/wp-content\/uploads\/2012\/03\/11825043_1162908287056311_871297421509887153_n-300x200.jpg 300w, http:\/\/kitesurfvacation.com\/wp-content\/uploads\/2012\/03\/11825043_1162908287056311_871297421509887153_n-768x512.jpg 768w, http:\/\/kitesurfvacation.com\/wp-content\/uploads\/2012\/03\/11825043_1162908287056311_871297421509887153_n.jpg 960w\" sizes=\"auto, (max-width: 300px) 100vw, 300px\" \/><\/a>\n\t\t\t<\/dt><\/dl><dl class='gallery-item'>\n\t\t\t<dt class='gallery-icon landscape'>\n\t\t\t\t<a rel='wp-prettyPhoto[gallery]' href='http:\/\/kitesurfvacation.com\/wp-content\/uploads\/2012\/03\/11825572_1162907610389712_6668891618371855946_n.jpg'><img loading=\"lazy\" decoding=\"async\" width=\"300\" height=\"200\" src=\"http:\/\/kitesurfvacation.com\/wp-content\/uploads\/2012\/03\/11825572_1162907610389712_6668891618371855946_n-300x200.jpg\" class=\"attachment-medium size-medium\" alt=\"\" srcset=\"http:\/\/kitesurfvacation.com\/wp-content\/uploads\/2012\/03\/11825572_1162907610389712_6668891618371855946_n-300x200.jpg 300w, http:\/\/kitesurfvacation.com\/wp-content\/uploads\/2012\/03\/11825572_1162907610389712_6668891618371855946_n-768x512.jpg 768w, http:\/\/kitesurfvacation.com\/wp-content\/uploads\/2012\/03\/11825572_1162907610389712_6668891618371855946_n.jpg 960w\" sizes=\"auto, (max-width: 300px) 100vw, 300px\" \/><\/a>\n\t\t\t<\/dt><\/dl><dl class='gallery-item'>\n\t\t\t<dt class='gallery-icon landscape'>\n\t\t\t\t<a rel='wp-prettyPhoto[gallery]' href='http:\/\/kitesurfvacation.com\/wp-content\/uploads\/2012\/03\/11825996_1162907723723034_6130429694013971166_n.jpg'><img loading=\"lazy\" decoding=\"async\" width=\"300\" height=\"200\" src=\"http:\/\/kitesurfvacation.com\/wp-content\/uploads\/2012\/03\/11825996_1162907723723034_6130429694013971166_n-300x200.jpg\" class=\"attachment-medium size-medium\" alt=\"\" srcset=\"http:\/\/kitesurfvacation.com\/wp-content\/uploads\/2012\/03\/11825996_1162907723723034_6130429694013971166_n-300x200.jpg 300w, http:\/\/kitesurfvacation.com\/wp-content\/uploads\/2012\/03\/11825996_1162907723723034_6130429694013971166_n-768x512.jpg 768w, http:\/\/kitesurfvacation.com\/wp-content\/uploads\/2012\/03\/11825996_1162907723723034_6130429694013971166_n.jpg 960w\" sizes=\"auto, (max-width: 300px) 100vw, 300px\" \/><\/a>\n\t\t\t<\/dt><\/dl><br style=\"clear: both\" \/><dl class='gallery-item'>\n\t\t\t<dt class='gallery-icon landscape'>\n\t\t\t\t<a rel='wp-prettyPhoto[gallery]' href='http:\/\/kitesurfvacation.com\/wp-content\/uploads\/2012\/03\/11836918_1162907507056389_8206642159570285906_n.jpg'><img loading=\"lazy\" decoding=\"async\" width=\"300\" height=\"217\" src=\"http:\/\/kitesurfvacation.com\/wp-content\/uploads\/2012\/03\/11836918_1162907507056389_8206642159570285906_n-300x217.jpg\" class=\"attachment-medium size-medium\" alt=\"\" srcset=\"http:\/\/kitesurfvacation.com\/wp-content\/uploads\/2012\/03\/11836918_1162907507056389_8206642159570285906_n-300x217.jpg 300w, http:\/\/kitesurfvacation.com\/wp-content\/uploads\/2012\/03\/11836918_1162907507056389_8206642159570285906_n-768x555.jpg 768w, http:\/\/kitesurfvacation.com\/wp-content\/uploads\/2012\/03\/11836918_1162907507056389_8206642159570285906_n.jpg 960w\" sizes=\"auto, (max-width: 300px) 100vw, 300px\" \/><\/a>\n\t\t\t<\/dt><\/dl><dl class='gallery-item'>\n\t\t\t<dt class='gallery-icon landscape'>\n\t\t\t\t<a rel='wp-prettyPhoto[gallery]' href='http:\/\/kitesurfvacation.com\/wp-content\/uploads\/2012\/03\/11905385_1177980798882393_8343493752537544124_n.jpg'><img loading=\"lazy\" decoding=\"async\" width=\"300\" height=\"107\" src=\"http:\/\/kitesurfvacation.com\/wp-content\/uploads\/2012\/03\/11905385_1177980798882393_8343493752537544124_n-300x107.jpg\" class=\"attachment-medium size-medium\" alt=\"\" srcset=\"http:\/\/kitesurfvacation.com\/wp-content\/uploads\/2012\/03\/11905385_1177980798882393_8343493752537544124_n-300x107.jpg 300w, http:\/\/kitesurfvacation.com\/wp-content\/uploads\/2012\/03\/11905385_1177980798882393_8343493752537544124_n-768x274.jpg 768w, http:\/\/kitesurfvacation.com\/wp-content\/uploads\/2012\/03\/11905385_1177980798882393_8343493752537544124_n.jpg 960w\" sizes=\"auto, (max-width: 300px) 100vw, 300px\" \/><\/a>\n\t\t\t<\/dt><\/dl><dl class='gallery-item'>\n\t\t\t<dt class='gallery-icon landscape'>\n\t\t\t\t<a rel='wp-prettyPhoto[gallery]' href='http:\/\/kitesurfvacation.com\/wp-content\/uploads\/2012\/03\/19784874.jpg'><img loading=\"lazy\" decoding=\"async\" width=\"300\" height=\"164\" src=\"http:\/\/kitesurfvacation.com\/wp-content\/uploads\/2012\/03\/19784874-300x164.jpg\" class=\"attachment-medium size-medium\" alt=\"\" srcset=\"http:\/\/kitesurfvacation.com\/wp-content\/uploads\/2012\/03\/19784874-300x164.jpg 300w, http:\/\/kitesurfvacation.com\/wp-content\/uploads\/2012\/03\/19784874-768x421.jpg 768w, http:\/\/kitesurfvacation.com\/wp-content\/uploads\/2012\/03\/19784874.jpg 840w\" sizes=\"auto, (max-width: 300px) 100vw, 300px\" \/><\/a>\n\t\t\t<\/dt><\/dl><br style=\"clear: both\" \/><dl class='gallery-item'>\n\t\t\t<dt class='gallery-icon landscape'>\n\t\t\t\t<a rel='wp-prettyPhoto[gallery]' href='http:\/\/kitesurfvacation.com\/wp-content\/uploads\/2012\/03\/11047877_1094313580582449_6110474650541929098_n.jpg'><img loading=\"lazy\" decoding=\"async\" width=\"300\" height=\"168\" src=\"http:\/\/kitesurfvacation.com\/wp-content\/uploads\/2012\/03\/11047877_1094313580582449_6110474650541929098_n-300x168.jpg\" class=\"attachment-medium size-medium\" alt=\"\" srcset=\"http:\/\/kitesurfvacation.com\/wp-content\/uploads\/2012\/03\/11047877_1094313580582449_6110474650541929098_n-300x168.jpg 300w, http:\/\/kitesurfvacation.com\/wp-content\/uploads\/2012\/03\/11047877_1094313580582449_6110474650541929098_n-768x430.jpg 768w, http:\/\/kitesurfvacation.com\/wp-content\/uploads\/2012\/03\/11047877_1094313580582449_6110474650541929098_n.jpg 960w\" sizes=\"auto, (max-width: 300px) 100vw, 300px\" \/><\/a>\n\t\t\t<\/dt><\/dl><dl class='gallery-item'>\n\t\t\t<dt class='gallery-icon landscape'>\n\t\t\t\t<a rel='wp-prettyPhoto[gallery]' href='http:\/\/kitesurfvacation.com\/wp-content\/uploads\/2012\/03\/19784882.jpg'><img loading=\"lazy\" decoding=\"async\" width=\"300\" height=\"164\" src=\"http:\/\/kitesurfvacation.com\/wp-content\/uploads\/2012\/03\/19784882-300x164.jpg\" class=\"attachment-medium size-medium\" alt=\"\" srcset=\"http:\/\/kitesurfvacation.com\/wp-content\/uploads\/2012\/03\/19784882-300x164.jpg 300w, http:\/\/kitesurfvacation.com\/wp-content\/uploads\/2012\/03\/19784882-768x421.jpg 768w, http:\/\/kitesurfvacation.com\/wp-content\/uploads\/2012\/03\/19784882.jpg 840w\" sizes=\"auto, (max-width: 300px) 100vw, 300px\" \/><\/a>\n\t\t\t<\/dt><\/dl><dl class='gallery-item'>\n\t\t\t<dt class='gallery-icon landscape'>\n\t\t\t\t<a rel='wp-prettyPhoto[gallery]' href='http:\/\/kitesurfvacation.com\/wp-content\/uploads\/2012\/03\/50464336.jpg'><img loading=\"lazy\" decoding=\"async\" width=\"300\" height=\"164\" src=\"http:\/\/kitesurfvacation.com\/wp-content\/uploads\/2012\/03\/50464336-300x164.jpg\" class=\"attachment-medium size-medium\" alt=\"\" srcset=\"http:\/\/kitesurfvacation.com\/wp-content\/uploads\/2012\/03\/50464336-300x164.jpg 300w, http:\/\/kitesurfvacation.com\/wp-content\/uploads\/2012\/03\/50464336-768x421.jpg 768w, http:\/\/kitesurfvacation.com\/wp-content\/uploads\/2012\/03\/50464336.jpg 840w\" sizes=\"auto, (max-width: 300px) 100vw, 300px\" \/><\/a>\n\t\t\t<\/dt><\/dl><br style=\"clear: both\" \/><dl class='gallery-item'>\n\t\t\t<dt class='gallery-icon landscape'>\n\t\t\t\t<a rel='wp-prettyPhoto[gallery]' href='http:\/\/kitesurfvacation.com\/wp-content\/uploads\/2012\/03\/50464367.jpg'><img loading=\"lazy\" decoding=\"async\" width=\"300\" height=\"164\" src=\"http:\/\/kitesurfvacation.com\/wp-content\/uploads\/2012\/03\/50464367-300x164.jpg\" class=\"attachment-medium size-medium\" alt=\"\" srcset=\"http:\/\/kitesurfvacation.com\/wp-content\/uploads\/2012\/03\/50464367-300x164.jpg 300w, http:\/\/kitesurfvacation.com\/wp-content\/uploads\/2012\/03\/50464367-768x421.jpg 768w, http:\/\/kitesurfvacation.com\/wp-content\/uploads\/2012\/03\/50464367.jpg 840w\" sizes=\"auto, (max-width: 300px) 100vw, 300px\" \/><\/a>\n\t\t\t<\/dt><\/dl><dl class='gallery-item'>\n\t\t\t<dt class='gallery-icon landscape'>\n\t\t\t\t<a rel='wp-prettyPhoto[gallery]' href='http:\/\/kitesurfvacation.com\/wp-content\/uploads\/2012\/03\/50464479.jpg'><img loading=\"lazy\" decoding=\"async\" width=\"300\" height=\"164\" src=\"http:\/\/kitesurfvacation.com\/wp-content\/uploads\/2012\/03\/50464479-300x164.jpg\" class=\"attachment-medium size-medium\" alt=\"\" srcset=\"http:\/\/kitesurfvacation.com\/wp-content\/uploads\/2012\/03\/50464479-300x164.jpg 300w, http:\/\/kitesurfvacation.com\/wp-content\/uploads\/2012\/03\/50464479-768x421.jpg 768w, http:\/\/kitesurfvacation.com\/wp-content\/uploads\/2012\/03\/50464479.jpg 840w\" sizes=\"auto, (max-width: 300px) 100vw, 300px\" \/><\/a>\n\t\t\t<\/dt><\/dl><dl class='gallery-item'>\n\t\t\t<dt class='gallery-icon landscape'>\n\t\t\t\t<a rel='wp-prettyPhoto[gallery]' href='http:\/\/kitesurfvacation.com\/wp-content\/uploads\/2012\/03\/50464466.jpg'><img loading=\"lazy\" decoding=\"async\" width=\"300\" height=\"164\" src=\"http:\/\/kitesurfvacation.com\/wp-content\/uploads\/2012\/03\/50464466-300x164.jpg\" class=\"attachment-medium size-medium\" alt=\"\" srcset=\"http:\/\/kitesurfvacation.com\/wp-content\/uploads\/2012\/03\/50464466-300x164.jpg 300w, http:\/\/kitesurfvacation.com\/wp-content\/uploads\/2012\/03\/50464466-768x421.jpg 768w, http:\/\/kitesurfvacation.com\/wp-content\/uploads\/2012\/03\/50464466.jpg 840w\" sizes=\"auto, (max-width: 300px) 100vw, 300px\" \/><\/a>\n\t\t\t<\/dt><\/dl><br style=\"clear: both\" \/><dl class='gallery-item'>\n\t\t\t<dt class='gallery-icon portrait'>\n\t\t\t\t<a rel='wp-prettyPhoto[gallery]' href='http:\/\/kitesurfvacation.com\/wp-content\/uploads\/2012\/03\/11108272_1094313593915781_2509088711345822339_n.jpg'><img loading=\"lazy\" decoding=\"async\" width=\"168\" height=\"300\" src=\"http:\/\/kitesurfvacation.com\/wp-content\/uploads\/2012\/03\/11108272_1094313593915781_2509088711345822339_n-168x300.jpg\" class=\"attachment-medium size-medium\" alt=\"\" srcset=\"http:\/\/kitesurfvacation.com\/wp-content\/uploads\/2012\/03\/11108272_1094313593915781_2509088711345822339_n-168x300.jpg 168w, http:\/\/kitesurfvacation.com\/wp-content\/uploads\/2012\/03\/11108272_1094313593915781_2509088711345822339_n.jpg 538w\" sizes=\"auto, (max-width: 168px) 100vw, 168px\" \/><\/a>\n\t\t\t<\/dt><\/dl>\n\t\t\t<br style='clear: both' \/>\n\t\t<\/div>\n<\/td>\n<td><\/td>\n<\/tr>\n<tr>\n<td>\n                <a class=\"medium custom-button align-btn-left\" href=\"http:\/\/kitesurfvacation.com\/?page_id=636#prop\" title=\"m\u00e1s info\"><span style=\"background-color:#FF5C00; color:#FFFFFF\"> :: M\u00e1s hospedajes en Holbox :: <\/span><\/a>\n\t     <\/td>\n<\/tr>\n<\/tbody>\n<\/table>\n\n<!-- Facebook Like Button v1.9.6 BEGIN [http:\/\/blog.bottomlessinc.com] -->\n<iframe src=\"http:\/\/www.facebook.com\/plugins\/like.php?href=http%3A%2F%2Fkitesurfvacation.com%2F%3Fpage_id%3D1953&amp;layout=standard&amp;show_faces=false&amp;width=450&amp;action=like&amp;colorscheme=light\" scrolling=\"no\" frameborder=\"0\" allowTransparency=\"true\" style=\"border:none; overflow:hidden; width:450px; height: 30px; align: left; margin: 2px 0px 2px 0px\"><\/iframe>\n<!-- Facebook Like Button END -->\n","protected":false},"excerpt":{"rendered":"<p>El complejo ofrece alojamiento de cinco unidades: dos apartamentos, un estudio, una habitaci\u00f3n doble y una habitaci\u00f3n triple. Ubicada en la zona m\u00e1s tranquila de la isla, a s\u00f3lo 80 metros de la playa y a menos de 10 minutos caminando del centro del pueblo. Los departamentos [&hellip;]<\/p>\n","protected":false},"author":1,"featured_media":0,"parent":0,"menu_order":0,"comment_status":"closed","ping_status":"closed","template":"page-FullWidth.php","meta":{"footnotes":""},"class_list":["post-1953","page","type-page","status-publish","hentry"],"_links":{"self":[{"href":"http:\/\/kitesurfvacation.com\/index.php?rest_route=\/wp\/v2\/pages\/1953","targetHints":{"allow":["GET"]}}],"collection":[{"href":"http:\/\/kitesurfvacation.com\/index.php?rest_route=\/wp\/v2\/pages"}],"about":[{"href":"http:\/\/kitesurfvacation.com\/index.php?rest_route=\/wp\/v2\/types\/page"}],"author":[{"embeddable":true,"href":"http:\/\/kitesurfvacation.com\/index.php?rest_route=\/wp\/v2\/users\/1"}],"replies":[{"embeddable":true,"href":"http:\/\/kitesurfvacation.com\/index.php?rest_route=%2Fwp%2Fv2%2Fcomments&post=1953"}],"version-history":[{"count":7,"href":"http:\/\/kitesurfvacation.com\/index.php?rest_route=\/wp\/v2\/pages\/1953\/revisions"}],"predecessor-version":[{"id":11784,"href":"http:\/\/kitesurfvacation.com\/index.php?rest_route=\/wp\/v2\/pages\/1953\/revisions\/11784"}],"wp:attachment":[{"href":"http:\/\/kitesurfvacation.com\/index.php?rest_route=%2Fwp%2Fv2%2Fmedia&parent=1953"}],"curies":[{"name":"wp","href":"https:\/\/api.w.org\/{rel}","templated":true}]}}