{"id":1369,"date":"2012-01-28T20:31:02","date_gmt":"2012-01-28T20:31:02","guid":{"rendered":"http:\/\/kitesurfvacation.com\/?page_id=1369"},"modified":"2012-01-28T20:32:44","modified_gmt":"2012-01-28T20:32:44","slug":"casa-blanca","status":"publish","type":"page","link":"http:\/\/kitesurfvacation.com\/?page_id=1369","title":{"rendered":"Casa Blanca"},"content":{"rendered":"<div id=\"tweetbutton1369\" class=\"tw_button\" style=\"\"><a href=\"http:\/\/twitter.com\/share?url=http%3A%2F%2Fkitesurfvacation.com%2F%3Fpage_id%3D1369&amp;text=Casa%20Blanca&amp;related=&amp;lang=en&amp;count=horizontal&amp;counturl=http%3A%2F%2Fkitesurfvacation.com%2F%3Fpage_id%3D1369\" class=\"twitter-share-button\"  style=\"width:55px;height:22px;background:transparent url('http:\/\/kitesurfvacation.com\/wp-content\/plugins\/wp-tweet-button\/tweetn.png') no-repeat  0 0;text-align:left;text-indent:-9999px;display:block;\">Tweet<\/a><\/div>\n<!-- Facebook Like Button v1.9.6 BEGIN [http:\/\/blog.bottomlessinc.com] -->\n<iframe src=\"http:\/\/www.facebook.com\/plugins\/like.php?href=http%3A%2F%2Fkitesurfvacation.com%2F%3Fpage_id%3D1369&amp;layout=standard&amp;show_faces=false&amp;width=450&amp;action=like&amp;colorscheme=light\" scrolling=\"no\" frameborder=\"0\" allowTransparency=\"true\" style=\"border:none; overflow:hidden; width:450px; height: 30px; align: left; margin: 2px 0px 2px 0px\"><\/iframe>\n<!-- Facebook Like Button END -->\n<table>\n<tbody>\n<tr>\n<td><img decoding=\"async\" src=\"_images\/blanca.jpg\" alt=\"\" \/><\/td>\n<td>   <\/td>\n<td><img decoding=\"async\" src=\"_images\/mapblanca.jpg\" alt=\"\" \/><\/td>\n<\/tr>\n<tr>\n<td style=\"vertical-align: top; text-align: justify;\" colspan=\"3\" width=\"845\"><!-- CONTENIDO DE INFO --><\/p>\n<p style=\"text-align: justify;\">Ubicado a unos pasos de la playa, en uno de los rinconcitos m\u00e1s tranquilos de Holbox, Casa Blanca es una eco casa pensada en aquellos que buscan relajarse en este paradis\u00edaco lugar.<\/p>\n<p>Cada uno de nuestros 8 cuartos cuenta con balc\u00f3n privado, hamaca y ba\u00f1o privado.<\/p>\n<p style=\"text-align: justify;\">Desde nuestra espectacular terraza podr\u00e1 disfrutar de la mejor vista panor\u00e1mica de la isla. Conservando el estilo de construcci\u00f3n tradicional y decoraci\u00f3n tropical, los techos son de palapa y las l\u00e1mparas de conchitas.  Cuenta con un jard\u00edn org\u00e1nico y un gran n\u00famero de ecotecnolog\u00edas. Situado en uno de los mejores spots de la isla para hacer kitesurf.<\/p>\n<p style=\"text-align: justify;\">El precio es por cuarto, y caben dos personas. Todos los cuartos tienen una cama matrionial y hay uno que tiene literas matrimoniales.<br \/>\n<strong>El precio es de 75 usd con desayuno incluido y una renta de bici por 25 horas<\/strong>.<\/td>\n<td> <\/td>\n<\/tr>\n<tr>\n<td colspan=\"3\"><div class=\"clear\"><\/div><div class=\"tabs-wrapper\"><ul class=\"tabs\"><li><a href=\"javascript:void(0)\" class=\"defaulttab\" rel=\"tab1181\"><span>Foto 1<\/span><\/a><\/li><li><a href=\"javascript:void(0)\" rel=\"tab1360\"><span>Foto 2<\/span><\/a><\/li><li><a href=\"javascript:void(0)\" rel=\"tab1911\"><span>Foto 3<\/span><\/a><\/li><li><a href=\"javascript:void(0)\" rel=\"tab1674\"><span>Foto 4<\/span><\/a><\/li><li><a href=\"javascript:void(0)\" rel=\"tab1973\"><span>Foto 5<\/span><\/a><\/li><li><a href=\"javascript:void(0)\" rel=\"tab1454\"><span>Foto 6<\/span><\/a><\/li><li><a href=\"javascript:void(0)\" rel=\"tab1087\"><span>Foto 7<\/span><\/a><\/li><li><a href=\"javascript:void(0)\" rel=\"tab1767\"><span>Foto 8<\/span><\/a><\/li><li><a href=\"javascript:void(0)\" rel=\"tab1834\"><span>Foto 9<\/span><\/a><\/li><li><a href=\"javascript:void(0)\" rel=\"tab1389\"><span>Foto 10<\/span><\/a><\/li><li><a href=\"javascript:void(0)\" rel=\"tab1347\"><span>Foto 11<\/span><\/a><\/li><\/ul><div class=\"tab-content\" id=\"tab1181\"><div class=\"tabs-inner-padding\"><img loading=\"lazy\" decoding=\"async\" src=\"_images\/b1.jpg\" alt=\"\" width=\"639\" height=\"426\" \/><\/div><\/div><div class=\"tab-content\" id=\"tab1360\"><div class=\"tabs-inner-padding\"><img loading=\"lazy\" decoding=\"async\" src=\"_images\/b2.jpg\" alt=\"\" width=\"639\" height=\"426\" \/><\/div><\/div><div class=\"tab-content\" id=\"tab1911\"><div class=\"tabs-inner-padding\"><img loading=\"lazy\" decoding=\"async\" src=\"_images\/b3.jpg\" alt=\"\" width=\"639\" height=\"426\" \/><\/div><\/div><div class=\"tab-content\" id=\"tab1674\"><div class=\"tabs-inner-padding\"><img loading=\"lazy\" decoding=\"async\" src=\"_images\/b4.jpg\" alt=\"\" width=\"639\" height=\"426\" \/><\/div><\/div><div class=\"tab-content\" id=\"tab1973\"><div class=\"tabs-inner-padding\"><img loading=\"lazy\" decoding=\"async\" src=\"_images\/b5.jpg\" alt=\"\" width=\"639\" height=\"426\" \/><\/div><\/div><div class=\"tab-content\" id=\"tab1454\"><div class=\"tabs-inner-padding\"><img loading=\"lazy\" decoding=\"async\" src=\"_images\/b6.jpg\" alt=\"\" width=\"639\" height=\"426\" \/><\/div><\/div><div class=\"tab-content\" id=\"tab1087\"><div class=\"tabs-inner-padding\"><img loading=\"lazy\" decoding=\"async\" src=\"_images\/b7.jpg\" alt=\"\" width=\"639\" height=\"426\" \/><\/div><\/div><div class=\"tab-content\" id=\"tab1767\"><div class=\"tabs-inner-padding\"><img loading=\"lazy\" decoding=\"async\" src=\"_images\/b8.jpg\" alt=\"\" width=\"639\" height=\"426\" \/><\/div><\/div><div class=\"tab-content\" id=\"tab1834\"><div class=\"tabs-inner-padding\"><img loading=\"lazy\" decoding=\"async\" src=\"_images\/b9.jpg\" alt=\"\" width=\"639\" height=\"426\" \/><\/div><\/div><div class=\"tab-content\" id=\"tab1389\"><div class=\"tabs-inner-padding\"><img loading=\"lazy\" decoding=\"async\" src=\"_images\/b10.jpg\" alt=\"\" width=\"639\" height=\"426\" \/><\/div><\/div><div class=\"tab-content\" id=\"tab1347\"><div class=\"tabs-inner-padding\"><img loading=\"lazy\" decoding=\"async\" src=\"_images\/b11.jpg\" alt=\"\" width=\"639\" height=\"426\" \/><\/div><\/div><\/div><!-- tabs-wrapper end --><div class=\"clear\"><\/div><\/td>\n<\/tr>\n<tr>\n<td>\n                <a class=\"medium custom-button align-btn-left\" href=\"http:\/\/kitesurfvacation.com\/?page_id=636#prop\" title=\"m\u00e1s info\"><span style=\"background-color:#FF5C00; color:#FFFFFF\">   :: m\u00e1s propiedades en Holbox ::   <\/span><\/a>\n\t     <\/td>\n<\/tr>\n<\/tbody>\n<\/table>\n\n<!-- Facebook Like Button v1.9.6 BEGIN [http:\/\/blog.bottomlessinc.com] -->\n<iframe src=\"http:\/\/www.facebook.com\/plugins\/like.php?href=http%3A%2F%2Fkitesurfvacation.com%2F%3Fpage_id%3D1369&amp;layout=standard&amp;show_faces=false&amp;width=450&amp;action=like&amp;colorscheme=light\" scrolling=\"no\" frameborder=\"0\" allowTransparency=\"true\" style=\"border:none; overflow:hidden; width:450px; height: 30px; align: left; margin: 2px 0px 2px 0px\"><\/iframe>\n<!-- Facebook Like Button END -->\n","protected":false},"excerpt":{"rendered":"<p>Ubicado a unos pasos de la playa, en uno de los rinconcitos m\u00e1s tranquilos de Holbox, Casa Blanca es una eco casa pensada en aquellos que buscan relajarse en este paradis\u00edaco lugar. Cada uno de nuestros 8 cuartos cuenta con balc\u00f3n privado, hamaca y ba\u00f1o privado. Desde [&hellip;]<\/p>\n","protected":false},"author":1,"featured_media":0,"parent":0,"menu_order":0,"comment_status":"closed","ping_status":"open","template":"page-FullWidth.php","meta":{"footnotes":""},"class_list":["post-1369","page","type-page","status-publish","hentry"],"_links":{"self":[{"href":"http:\/\/kitesurfvacation.com\/index.php?rest_route=\/wp\/v2\/pages\/1369","targetHints":{"allow":["GET"]}}],"collection":[{"href":"http:\/\/kitesurfvacation.com\/index.php?rest_route=\/wp\/v2\/pages"}],"about":[{"href":"http:\/\/kitesurfvacation.com\/index.php?rest_route=\/wp\/v2\/types\/page"}],"author":[{"embeddable":true,"href":"http:\/\/kitesurfvacation.com\/index.php?rest_route=\/wp\/v2\/users\/1"}],"replies":[{"embeddable":true,"href":"http:\/\/kitesurfvacation.com\/index.php?rest_route=%2Fwp%2Fv2%2Fcomments&post=1369"}],"version-history":[{"count":6,"href":"http:\/\/kitesurfvacation.com\/index.php?rest_route=\/wp\/v2\/pages\/1369\/revisions"}],"predecessor-version":[{"id":1375,"href":"http:\/\/kitesurfvacation.com\/index.php?rest_route=\/wp\/v2\/pages\/1369\/revisions\/1375"}],"wp:attachment":[{"href":"http:\/\/kitesurfvacation.com\/index.php?rest_route=%2Fwp%2Fv2%2Fmedia&parent=1369"}],"curies":[{"name":"wp","href":"https:\/\/api.w.org\/{rel}","templated":true}]}}